{"id":5827,"date":"2019-03-21T17:00:59","date_gmt":"2019-03-21T17:00:59","guid":{"rendered":"https:\/\/www.raimaberfluidtech.com\/industrial\/?page_id=5827"},"modified":"2019-05-30T08:56:48","modified_gmt":"2019-05-30T08:56:48","slug":"oal","status":"publish","type":"page","link":"https:\/\/www.raimaberfluidtech.com\/industrial\/videos\/oal\/","title":{"rendered":"OAL &#8211; Galeria de videos"},"content":{"rendered":"<div class=\"wpb-content-wrapper\"><p>[vc_row][vc_column width=\u00bb1\/4&#8243;][vc_column_text]<a class=\"wplightbox\" title=\"Tomato Ketchup Steam infusion\" href=\"\/wp-content\/blogs.dir\/4\/files\/2019\/videos\/Tomato Ketchup Steam infusion.mp4\" data-group=\"galleryvideo\"><span style=\"background-image: url('\/wp-content\/blogs.dir\/4\/files\/2019\/03\/Tomato-Ketchup-Steam-infusion.jpg');\"><img decoding=\"async\" class=\"border\" src=\"\/wp-content\/blogs.dir\/4\/files\/2016\/05\/dummyvideo.png\" alt=\"\" \/><\/span><br \/>\n<label>Infusi\u00f3n vapor tomate Ketchup<\/label><\/a>[\/vc_column_text][\/vc_column][vc_column width=\u00bb1\/4&#8243;][vc_column_text]<a class=\"wplightbox\" title=\"The Best Steam Infusion Cooking Applications Compilation\" href=\"\/wp-content\/blogs.dir\/4\/files\/2019\/videos\/The Best Steam Infusion Cooking Applications Compilation.mp4\" data-group=\"galleryvideo\"><span style=\"background-image: url('\/wp-content\/blogs.dir\/4\/files\/2019\/03\/The-Best-Steam-Infusion-Cooking-Applications-Compilation.jpg');\"><img decoding=\"async\" class=\"border\" src=\"\/wp-content\/blogs.dir\/4\/files\/2016\/05\/dummyvideo.png\" alt=\"\" \/><\/span><br \/>\n<label>Recopilaci\u00f3n de aplicaciones de la mejor cocci\u00f3n con la infusi\u00f3n directa de Vapor<\/label><\/a>[\/vc_column_text][\/vc_column][vc_column width=\u00bb1\/4&#8243;][vc_column_text]<a class=\"wplightbox\" title=\"Steam Infusion No Burn-On\" href=\"\/wp-content\/blogs.dir\/4\/files\/2019\/videos\/Steam Infusion No Burn-On.mp4\" data-group=\"galleryvideo\"><span style=\"background-image: url('\/wp-content\/blogs.dir\/4\/files\/2019\/03\/Steam-Infusion-No-Burn-On.jpg');\"><img decoding=\"async\" class=\"border\" src=\"\/wp-content\/blogs.dir\/4\/files\/2016\/05\/dummyvideo.png\" alt=\"\" \/><\/span><br \/>\n<label>Infusi\u00f3n de Vapor sin quemar el producto<\/label><\/a>[\/vc_column_text][\/vc_column][vc_column width=\u00bb1\/4&#8243;][vc_column_text]<a class=\"wplightbox\" title=\"Steam Infusion Hollandaise Sauce\" href=\"\/wp-content\/blogs.dir\/4\/files\/2019\/videos\/Steam Infusion Hollandaise Sauce.mp4\" data-group=\"galleryvideo\"><span style=\"background-image: url('\/wp-content\/blogs.dir\/4\/files\/2019\/03\/Steam-Infusion-Hollandaise-Sauce.jpg');\"><img decoding=\"async\" class=\"border\" src=\"\/wp-content\/blogs.dir\/4\/files\/2016\/05\/dummyvideo.png\" alt=\"\" \/><\/span><br \/>\n<label>Infusi\u00f3n de vapor en Salsa Holandesa<\/label><\/a>[\/vc_column_text][\/vc_column][\/vc_row][vc_row][vc_column width=\u00bb1\/4&#8243;][vc_column_text]<a class=\"wplightbox\" title=\"Pizza Sauce Topping Manufacture\" href=\"\/wp-content\/blogs.dir\/4\/files\/2019\/videos\/Pizza Sauce Topping Manufacture.mp4\" data-group=\"galleryvideo\"><span style=\"background-image: url('\/wp-content\/blogs.dir\/4\/files\/2019\/03\/Pizza-Sauce-Topping-Manufacture.jpg');\"><img decoding=\"async\" class=\"border\" src=\"\/wp-content\/blogs.dir\/4\/files\/2016\/05\/dummyvideo.png\" alt=\"\" \/><\/span><br \/>\n<label>Fabricaci\u00f3n de Salsa Pizza<\/label><\/a>[\/vc_column_text][\/vc_column][vc_column width=\u00bb1\/4&#8243;][vc_column_text]<a class=\"wplightbox\" title=\"OAL Maize Hydration V2\" href=\"\/wp-content\/blogs.dir\/4\/files\/2019\/videos\/OAL Maize Hydration V2.mp4\" data-group=\"galleryvideo\"><span style=\"background-image: url('\/wp-content\/blogs.dir\/4\/files\/2019\/03\/OAL-Maize-Hydration-V2.jpg');\"><img decoding=\"async\" class=\"border\" src=\"\/wp-content\/blogs.dir\/4\/files\/2016\/05\/dummyvideo.png\" alt=\"\" \/><\/span><br \/>\n<label>Hidrataci\u00f3n de Ma\u00edz<\/label><\/a>[\/vc_column_text][\/vc_column][vc_column width=\u00bb1\/4&#8243;][vc_column_text]<a class=\"wplightbox\" title=\"Mushroom Sauce\" href=\"\/wp-content\/blogs.dir\/4\/files\/2019\/videos\/Mushroom Sauce.mp4\" data-group=\"galleryvideo\"><span style=\"background-image: url('\/wp-content\/blogs.dir\/4\/files\/2019\/03\/MushroomSauce.jpg');\"><img decoding=\"async\" class=\"border\" src=\"\/wp-content\/blogs.dir\/4\/files\/2016\/05\/dummyvideo.png\" alt=\"\" \/><\/span><br \/>\n<label>Salsa de \u00abbuletus\u00bb<\/label><\/a>[\/vc_column_text][\/vc_column][vc_column width=\u00bb1\/4&#8243;][vc_column_text]<a class=\"wplightbox\" title=\"Manufacture Rice Pudding with Steam Infusion\" href=\"\/wp-content\/blogs.dir\/4\/files\/2019\/videos\/Manufacture Rice Pudding with Steam Infusion.mp4\" data-group=\"galleryvideo\"><span style=\"background-image: url('\/wp-content\/blogs.dir\/4\/files\/2019\/03\/Manufacture-Rice-Pudding-with-Steam-Infusion.jpg');\"><img decoding=\"async\" class=\"border\" src=\"\/wp-content\/blogs.dir\/4\/files\/2016\/05\/dummyvideo.png\" alt=\"\" \/><\/span><br \/>\n<label>Fabricaci\u00f3n de Arroz con leche<\/label><\/a>[\/vc_column_text][\/vc_column][\/vc_row][vc_row][vc_column width=\u00bb1\/4&#8243;][vc_column_text]<a class=\"wplightbox\" title=\"Maheu Full Batch Production Dairy Gold, Zambia\" href=\"\/wp-content\/blogs.dir\/4\/files\/2019\/videos\/Maheu Full Batch Production Dairy Gold, Zambia.mp4\" data-group=\"galleryvideo\"><span style=\"background-image: url('\/wp-content\/blogs.dir\/4\/files\/2019\/03\/Maheu-Full-Batch-Production-Dairy-Gold,-Zambia.jpg');\"><img decoding=\"async\" class=\"border\" src=\"\/wp-content\/blogs.dir\/4\/files\/2016\/05\/dummyvideo.png\" alt=\"\" \/><\/span><br \/>\n<label>Productos l\u00e1cteos, en Zambia<\/label><\/a>[\/vc_column_text][\/vc_column][vc_column width=\u00bb1\/4&#8243;][vc_column_text]<a class=\"wplightbox\" title=\"How the Vaction Unit Works Ian Beauchamp\" href=\"\/wp-content\/blogs.dir\/4\/files\/2019\/videos\/How the Vaction Unit Works Ian Beauchamp.mp4\" data-group=\"galleryvideo\"><span style=\"background-image: url('\/wp-content\/blogs.dir\/4\/files\/2019\/03\/How-the-Vaction-Unit-Works-Ian-Beauchamp.jpg');\"><img decoding=\"async\" class=\"border\" src=\"\/wp-content\/blogs.dir\/4\/files\/2016\/05\/dummyvideo.png\" alt=\"\" \/><\/span><br \/>\n<label>C\u00f3mo funciona la unidad de infusi\u00f3n de Vapor OAL, por Ian Beauchamp<\/label><\/a>[\/vc_column_text][\/vc_column][vc_column width=\u00bb1\/4&#8243;][vc_column_text]<a class=\"wplightbox\" title=\"Chocolate Custard with OAL Steam Infusion\" href=\"\/wp-content\/blogs.dir\/4\/files\/2019\/videos\/Chocolate Custard with OAL Steam Infusion.mp4\" data-group=\"galleryvideo\"><span style=\"background-image: url('\/wp-content\/blogs.dir\/4\/files\/2019\/03\/Chocolate-Custard-with-OAL-Steam-Infusion.jpg');\"><img decoding=\"async\" class=\"border\" src=\"\/wp-content\/blogs.dir\/4\/files\/2016\/05\/dummyvideo.png\" alt=\"\" \/><\/span><br \/>\n<label>Natillas de Chopolate, con infusi\u00f3n de Vapor OAL<\/label><\/a>[\/vc_column_text][\/vc_column][vc_column width=\u00bb1\/4&#8243;][vc_column_text]<a class=\"wplightbox\" title=\"Bolognese Sauce\" href=\"\/wp-content\/blogs.dir\/4\/files\/2019\/videos\/Bolognese Sauce.mp4\" data-group=\"galleryvideo\"><span style=\"background-image: url('\/wp-content\/blogs.dir\/4\/files\/2019\/03\/BologneseSauce.jpg');\"><img decoding=\"async\" class=\"border\" src=\"\/wp-content\/blogs.dir\/4\/files\/2016\/05\/dummyvideo.png\" alt=\"\" \/><\/span><br \/>\n<label>Salsa Bolognesa<\/label><\/a>[\/vc_column_text][\/vc_column][\/vc_row][vc_row][vc_column width=\u00bb1\/4&#8243;][vc_column_text]<a class=\"wplightbox\" title=\"Bologense Sauce Cook &amp; Cool\" href=\"\/wp-content\/blogs.dir\/4\/files\/2019\/videos\/Bologense Sauce Cook &amp; Cool.mp4\" data-group=\"galleryvideo\"><span style=\"background-image: url('\/wp-content\/blogs.dir\/4\/files\/2019\/03\/Bologense-Sauce-Cook-&amp;-Cool.jpg');\"><img decoding=\"async\" class=\"border\" src=\"\/wp-content\/blogs.dir\/4\/files\/2016\/05\/dummyvideo.png\" alt=\"\" \/><\/span><br \/>\n<label>Cocci\u00f3n y enfriamiento de Salsa Bolo\u00f1esa<\/label><\/a>[\/vc_column_text][\/vc_column][vc_column width=\u00bb1\/4&#8243;][vc_column_text]<a class=\"wplightbox\" title=\"Bechamel Sauce\" href=\"\/wp-content\/blogs.dir\/4\/files\/2019\/videos\/Bechamel Sauce.mp4\" data-group=\"galleryvideo\"><span style=\"background-image: url('\/wp-content\/blogs.dir\/4\/files\/2019\/03\/BechamelSauce.jpg');\"><img decoding=\"async\" class=\"border\" src=\"\/wp-content\/blogs.dir\/4\/files\/2016\/05\/dummyvideo.png\" alt=\"\" \/><\/span><br \/>\n<label>Salsa Bechamel<\/label><\/a>[\/vc_column_text][\/vc_column][vc_column width=\u00bb1\/4&#8243;][\/vc_column][vc_column width=\u00bb1\/4&#8243;][\/vc_column][vc_column][\/vc_column][\/vc_row]<\/p>\n<\/div>","protected":false},"excerpt":{"rendered":"<p>[vc_row][vc_column width=\u00bb1\/4&#8243;][vc_column_text] Infusi\u00f3n vapor tomate Ketchup[\/vc_column_text][\/vc_column][vc_column width=\u00bb1\/4&#8243;][vc_column_text] Recopilaci\u00f3n de aplicaciones de la mejor cocci\u00f3n con la infusi\u00f3n directa de Vapor[\/vc_column_text][\/vc_column][vc_column width=\u00bb1\/4&#8243;][vc_column_text] Infusi\u00f3n de Vapor sin quemar el producto[\/vc_column_text][\/vc_column][vc_column width=\u00bb1\/4&#8243;][vc_column_text] Infusi\u00f3n de vapor en Salsa Holandesa[\/vc_column_text][\/vc_column][\/vc_row][vc_row][vc_column width=\u00bb1\/4&#8243;][vc_column_text] Fabricaci\u00f3n de Salsa Pizza[\/vc_column_text][\/vc_column][vc_column&#8230;<\/p>\n","protected":false},"author":1,"featured_media":0,"parent":2934,"menu_order":0,"comment_status":"closed","ping_status":"closed","template":"","meta":{"footnotes":""},"class_list":["post-5827","page","type-page","status-publish","hentry"],"yoast_head":"<!-- This site is optimized with the Yoast SEO plugin v24.3 - https:\/\/yoast.com\/wordpress\/plugins\/seo\/ -->\n<title>Galeria de videos OAL - Raimaber<\/title>\n<meta name=\"description\" content=\"Raimaber es distribuidor oficial en Espa\u00f1a de la marca OAL, conoce todo lo que necesitas saber sobre inyectores de vapor \u00a1Visita la galer\u00eda de v\u00eddeos OAL!\" \/>\n<meta name=\"robots\" content=\"index, follow, max-snippet:-1, max-image-preview:large, max-video-preview:-1\" \/>\n<link rel=\"canonical\" href=\"https:\/\/www.raimaberfluidtech.com\/industrial\/videos\/oal\/\" \/>\n<meta property=\"og:locale\" content=\"es_ES\" \/>\n<meta property=\"og:type\" content=\"article\" \/>\n<meta property=\"og:title\" content=\"Galeria de videos OAL - Raimaber\" \/>\n<meta property=\"og:description\" content=\"Raimaber es distribuidor oficial en Espa\u00f1a de la marca OAL, conoce todo lo que necesitas saber sobre inyectores de vapor \u00a1Visita la galer\u00eda de v\u00eddeos OAL!\" \/>\n<meta property=\"og:url\" content=\"https:\/\/www.raimaberfluidtech.com\/industrial\/videos\/oal\/\" \/>\n<meta property=\"og:site_name\" content=\"Raimaber Fluid Tech [Industrial]\" \/>\n<meta property=\"article:modified_time\" content=\"2019-05-30T08:56:48+00:00\" \/>\n<meta name=\"twitter:label1\" content=\"Tiempo de lectura\" \/>\n\t<meta name=\"twitter:data1\" content=\"1 minuto\" \/>\n<script type=\"application\/ld+json\" class=\"yoast-schema-graph\">{\"@context\":\"https:\/\/schema.org\",\"@graph\":[{\"@type\":\"WebPage\",\"@id\":\"https:\/\/www.raimaberfluidtech.com\/industrial\/videos\/oal\/\",\"url\":\"https:\/\/www.raimaberfluidtech.com\/industrial\/videos\/oal\/\",\"name\":\"Galeria de videos OAL - Raimaber\",\"isPartOf\":{\"@id\":\"https:\/\/www.raimaberfluidtech.com\/industrial\/#website\"},\"datePublished\":\"2019-03-21T17:00:59+00:00\",\"dateModified\":\"2019-05-30T08:56:48+00:00\",\"description\":\"Raimaber es distribuidor oficial en Espa\u00f1a de la marca OAL, conoce todo lo que necesitas saber sobre inyectores de vapor \u00a1Visita la galer\u00eda de v\u00eddeos OAL!\",\"breadcrumb\":{\"@id\":\"https:\/\/www.raimaberfluidtech.com\/industrial\/videos\/oal\/#breadcrumb\"},\"inLanguage\":\"es\",\"potentialAction\":[{\"@type\":\"ReadAction\",\"target\":[\"https:\/\/www.raimaberfluidtech.com\/industrial\/videos\/oal\/\"]}]},{\"@type\":\"BreadcrumbList\",\"@id\":\"https:\/\/www.raimaberfluidtech.com\/industrial\/videos\/oal\/#breadcrumb\",\"itemListElement\":[{\"@type\":\"ListItem\",\"position\":1,\"name\":\"Home\",\"item\":\"https:\/\/www.raimaberfluidtech.com\/industrial\/\"},{\"@type\":\"ListItem\",\"position\":2,\"name\":\"Videos\",\"item\":\"https:\/\/www.raimaberfluidtech.com\/industrial\/videos\/\"},{\"@type\":\"ListItem\",\"position\":3,\"name\":\"OAL &#8211; Galeria de videos\"}]},{\"@type\":\"WebSite\",\"@id\":\"https:\/\/www.raimaberfluidtech.com\/industrial\/#website\",\"url\":\"https:\/\/www.raimaberfluidtech.com\/industrial\/\",\"name\":\"Raimaber Fluid Tech [Industrial]\",\"description\":\"Bombas industriales\",\"publisher\":{\"@id\":\"https:\/\/www.raimaberfluidtech.com\/industrial\/#organization\"},\"potentialAction\":[{\"@type\":\"SearchAction\",\"target\":{\"@type\":\"EntryPoint\",\"urlTemplate\":\"https:\/\/www.raimaberfluidtech.com\/industrial\/?s={search_term_string}\"},\"query-input\":{\"@type\":\"PropertyValueSpecification\",\"valueRequired\":true,\"valueName\":\"search_term_string\"}}],\"inLanguage\":\"es\"},{\"@type\":\"Organization\",\"@id\":\"https:\/\/www.raimaberfluidtech.com\/industrial\/#organization\",\"name\":\"Raimaber Fluid Tech [Industrial]\",\"url\":\"https:\/\/www.raimaberfluidtech.com\/industrial\/\",\"logo\":{\"@type\":\"ImageObject\",\"inLanguage\":\"es\",\"@id\":\"https:\/\/www.raimaberfluidtech.com\/industrial\/#\/schema\/logo\/image\/\",\"url\":\"https:\/\/www.raimaberfluidtech.com\/industrial\/wp-content\/blogs.dir\/4\/files\/2012\/11\/raimaber.gif\",\"contentUrl\":\"https:\/\/www.raimaberfluidtech.com\/industrial\/wp-content\/blogs.dir\/4\/files\/2012\/11\/raimaber.gif\",\"width\":\"705\",\"height\":\"438\",\"caption\":\"Raimaber Fluid Tech [Industrial]\"},\"image\":{\"@id\":\"https:\/\/www.raimaberfluidtech.com\/industrial\/#\/schema\/logo\/image\/\"}}]}<\/script>\n<!-- \/ Yoast SEO plugin. -->","yoast_head_json":{"title":"Galeria de videos OAL - Raimaber","description":"Raimaber es distribuidor oficial en Espa\u00f1a de la marca OAL, conoce todo lo que necesitas saber sobre inyectores de vapor \u00a1Visita la galer\u00eda de v\u00eddeos OAL!","robots":{"index":"index","follow":"follow","max-snippet":"max-snippet:-1","max-image-preview":"max-image-preview:large","max-video-preview":"max-video-preview:-1"},"canonical":"https:\/\/www.raimaberfluidtech.com\/industrial\/videos\/oal\/","og_locale":"es_ES","og_type":"article","og_title":"Galeria de videos OAL - Raimaber","og_description":"Raimaber es distribuidor oficial en Espa\u00f1a de la marca OAL, conoce todo lo que necesitas saber sobre inyectores de vapor \u00a1Visita la galer\u00eda de v\u00eddeos OAL!","og_url":"https:\/\/www.raimaberfluidtech.com\/industrial\/videos\/oal\/","og_site_name":"Raimaber Fluid Tech [Industrial]","article_modified_time":"2019-05-30T08:56:48+00:00","twitter_misc":{"Tiempo de lectura":"1 minuto"},"schema":{"@context":"https:\/\/schema.org","@graph":[{"@type":"WebPage","@id":"https:\/\/www.raimaberfluidtech.com\/industrial\/videos\/oal\/","url":"https:\/\/www.raimaberfluidtech.com\/industrial\/videos\/oal\/","name":"Galeria de videos OAL - Raimaber","isPartOf":{"@id":"https:\/\/www.raimaberfluidtech.com\/industrial\/#website"},"datePublished":"2019-03-21T17:00:59+00:00","dateModified":"2019-05-30T08:56:48+00:00","description":"Raimaber es distribuidor oficial en Espa\u00f1a de la marca OAL, conoce todo lo que necesitas saber sobre inyectores de vapor \u00a1Visita la galer\u00eda de v\u00eddeos OAL!","breadcrumb":{"@id":"https:\/\/www.raimaberfluidtech.com\/industrial\/videos\/oal\/#breadcrumb"},"inLanguage":"es","potentialAction":[{"@type":"ReadAction","target":["https:\/\/www.raimaberfluidtech.com\/industrial\/videos\/oal\/"]}]},{"@type":"BreadcrumbList","@id":"https:\/\/www.raimaberfluidtech.com\/industrial\/videos\/oal\/#breadcrumb","itemListElement":[{"@type":"ListItem","position":1,"name":"Home","item":"https:\/\/www.raimaberfluidtech.com\/industrial\/"},{"@type":"ListItem","position":2,"name":"Videos","item":"https:\/\/www.raimaberfluidtech.com\/industrial\/videos\/"},{"@type":"ListItem","position":3,"name":"OAL &#8211; Galeria de videos"}]},{"@type":"WebSite","@id":"https:\/\/www.raimaberfluidtech.com\/industrial\/#website","url":"https:\/\/www.raimaberfluidtech.com\/industrial\/","name":"Raimaber Fluid Tech [Industrial]","description":"Bombas industriales","publisher":{"@id":"https:\/\/www.raimaberfluidtech.com\/industrial\/#organization"},"potentialAction":[{"@type":"SearchAction","target":{"@type":"EntryPoint","urlTemplate":"https:\/\/www.raimaberfluidtech.com\/industrial\/?s={search_term_string}"},"query-input":{"@type":"PropertyValueSpecification","valueRequired":true,"valueName":"search_term_string"}}],"inLanguage":"es"},{"@type":"Organization","@id":"https:\/\/www.raimaberfluidtech.com\/industrial\/#organization","name":"Raimaber Fluid Tech [Industrial]","url":"https:\/\/www.raimaberfluidtech.com\/industrial\/","logo":{"@type":"ImageObject","inLanguage":"es","@id":"https:\/\/www.raimaberfluidtech.com\/industrial\/#\/schema\/logo\/image\/","url":"https:\/\/www.raimaberfluidtech.com\/industrial\/wp-content\/blogs.dir\/4\/files\/2012\/11\/raimaber.gif","contentUrl":"https:\/\/www.raimaberfluidtech.com\/industrial\/wp-content\/blogs.dir\/4\/files\/2012\/11\/raimaber.gif","width":"705","height":"438","caption":"Raimaber Fluid Tech [Industrial]"},"image":{"@id":"https:\/\/www.raimaberfluidtech.com\/industrial\/#\/schema\/logo\/image\/"}}]}},"_links":{"self":[{"href":"https:\/\/www.raimaberfluidtech.com\/industrial\/wp-json\/wp\/v2\/pages\/5827","targetHints":{"allow":["GET"]}}],"collection":[{"href":"https:\/\/www.raimaberfluidtech.com\/industrial\/wp-json\/wp\/v2\/pages"}],"about":[{"href":"https:\/\/www.raimaberfluidtech.com\/industrial\/wp-json\/wp\/v2\/types\/page"}],"author":[{"embeddable":true,"href":"https:\/\/www.raimaberfluidtech.com\/industrial\/wp-json\/wp\/v2\/users\/1"}],"replies":[{"embeddable":true,"href":"https:\/\/www.raimaberfluidtech.com\/industrial\/wp-json\/wp\/v2\/comments?post=5827"}],"version-history":[{"count":9,"href":"https:\/\/www.raimaberfluidtech.com\/industrial\/wp-json\/wp\/v2\/pages\/5827\/revisions"}],"predecessor-version":[{"id":5844,"href":"https:\/\/www.raimaberfluidtech.com\/industrial\/wp-json\/wp\/v2\/pages\/5827\/revisions\/5844"}],"up":[{"embeddable":true,"href":"https:\/\/www.raimaberfluidtech.com\/industrial\/wp-json\/wp\/v2\/pages\/2934"}],"wp:attachment":[{"href":"https:\/\/www.raimaberfluidtech.com\/industrial\/wp-json\/wp\/v2\/media?parent=5827"}],"curies":[{"name":"wp","href":"https:\/\/api.w.org\/{rel}","templated":true}]}}