{"id":5263,"date":"2018-06-01T09:46:05","date_gmt":"2018-06-01T09:46:05","guid":{"rendered":"http:\/\/www.raimaberfluidtech.com\/industrial\/?page_id=5263"},"modified":"2021-09-22T11:18:06","modified_gmt":"2021-09-22T11:18:06","slug":"bomba-bidones-mezcladora-serie-tm","status":"publish","type":"page","link":"https:\/\/www.raimaberfluidtech.com\/industrial\/bombas-finish-thompson\/bomba-bidones-mezcladora-serie-tm\/","title":{"rendered":"Bomba de bidones Mezcladora &#8211; Serie TM"},"content":{"rendered":"<div class=\"wpb-content-wrapper\"><p>[vc_row][vc_column width=\u00bb1\/2&#8243;][vc_media_grid element_width=\u00bb6&#8243; gap=\u00bb4&#8243; initial_loading_animation=\u00bbnone\u00bb grid_id=\u00bbvc_gid:1632308443601-c9ab6aec-be71-0&#8243;][\/vc_column][vc_column width=\u00bb1\/2&#8243;][vc_custom_heading text=\u00bbBomba de bidones Mezcladora &#8211; Serie TM\u00bb font_container=\u00bbtag:h2|font_size:18px|text_align:left|color:%23000000&#8243; use_theme_fonts=\u00bbyes\u00bb][vc_column_text]<\/p>\n<p style=\"font-weight: 400;\">Con cierre mec\u00e1nico, viscosidad ligera\/media<\/p>\n<p style=\"font-weight: 400;\">Mezclador con cierre y con capacidad para la combinaci\u00f3n de mezcla y agitaci\u00f3n con turbina de de 4 palas<\/p>\n<p style=\"font-weight: 400;\">El fluido es empujado hacia la parte superior del tubo del mezclador y es descargado bajo presi\u00f3n hacia el fondo en un ciclo de mezclado continuo.<\/p>\n<p style=\"font-weight: 400;\">La acci\u00f3n de mezclado axial de arriba abajo permite una r\u00e1pida suspensi\u00f3n de s\u00f3lidos sedimentados.<\/p>\n<p style=\"font-weight: 400;\">Ideal para mezclar tambores con materiales sedimentados.<\/p>\n<p style=\"font-weight: 400;\"><strong>ESPECIFICACIONES DE LA SERIE TM<\/strong><\/p>\n<ul>\n<li style=\"font-weight: 400;\">caudal de circulaci\u00f3n m\u00e1ximo hasta: \u00a053 lpm<\/li>\n<li style=\"font-weight: 400;\">Temperatura m\u00e1xima: 93 \u00baC<\/li>\n<li style=\"font-weight: 400;\">Peso espec\u00edfico m\u00e1ximo: 1,8<\/li>\n<li style=\"font-weight: 400;\">Viscosidad m\u00e1xima: 1.000 cP<\/li>\n<li style=\"font-weight: 400;\">2&#8243; (5,1 cm) di\u00e1metro del tubo<\/li>\n<li style=\"font-weight: 400;\">1&#8243; (2,5 cm) tama\u00f1o tuber\u00eda impulsi\u00f3n<\/li>\n<\/ul>\n<p>[\/vc_column_text][vc_empty_space][vc_btn title=\u00bbSOLICITUD DE INFORMACI\u00d3N T\u00c9CNICA\u00bb link=\u00bburl:https%3A%2F%2Fwww.raimaberfluidtech.com\/industrial%2Fsolicitud-informacion-tecnica%2F|title:Solicitud%20informaci%C3%B3n%20t%C3%A9cnica||\u00bb][\/vc_column][\/vc_row]<\/p>\n<\/div>","protected":false},"excerpt":{"rendered":"<p>[vc_row][vc_column width=\u00bb1\/2&#8243;][vc_media_grid element_width=\u00bb6&#8243; gap=\u00bb4&#8243; initial_loading_animation=\u00bbnone\u00bb grid_id=\u00bbvc_gid:1632308443601-c9ab6aec-be71-0&#8243;][\/vc_column][vc_column width=\u00bb1\/2&#8243;][vc_custom_heading text=\u00bbBomba de bidones Mezcladora &#8211; Serie TM\u00bb font_container=\u00bbtag:h2|font_size:18px|text_align:left|color:%23000000&#8243; use_theme_fonts=\u00bbyes\u00bb][vc_column_text] Con cierre mec\u00e1nico, viscosidad ligera\/media Mezclador con cierre y con capacidad para la combinaci\u00f3n de mezcla y agitaci\u00f3n con turbina de de 4 palas&#8230;<\/p>\n","protected":false},"author":1,"featured_media":0,"parent":364,"menu_order":11,"comment_status":"closed","ping_status":"closed","template":"page-sidebar.php","meta":{"footnotes":""},"class_list":["post-5263","page","type-page","status-publish","hentry"],"yoast_head":"<!-- This site is optimized with the Yoast SEO plugin v24.3 - https:\/\/yoast.com\/wordpress\/plugins\/seo\/ -->\n<title>Bomba de bidones Mezcladora - Serie TM - Raimaber<\/title>\n<meta name=\"description\" content=\"La bomba de bidones mezcladora serie TM de Finish Thompson es garant\u00eda de fiabilidad y calidad gracias a su larga trayectoria dentro del sector.\" \/>\n<meta name=\"robots\" content=\"index, follow, max-snippet:-1, max-image-preview:large, max-video-preview:-1\" \/>\n<link rel=\"canonical\" href=\"https:\/\/www.raimaberfluidtech.com\/industrial\/bombas-finish-thompson\/bomba-bidones-mezcladora-serie-tm\/\" \/>\n<meta property=\"og:locale\" content=\"es_ES\" \/>\n<meta property=\"og:type\" content=\"article\" \/>\n<meta property=\"og:title\" content=\"Bomba de bidones Mezcladora - Serie TM - Raimaber\" \/>\n<meta property=\"og:description\" content=\"La bomba de bidones mezcladora serie TM de Finish Thompson es garant\u00eda de fiabilidad y calidad gracias a su larga trayectoria dentro del sector.\" \/>\n<meta property=\"og:url\" content=\"https:\/\/www.raimaberfluidtech.com\/industrial\/bombas-finish-thompson\/bomba-bidones-mezcladora-serie-tm\/\" \/>\n<meta property=\"og:site_name\" content=\"Raimaber Fluid Tech [Industrial]\" \/>\n<meta property=\"article:modified_time\" content=\"2021-09-22T11:18:06+00:00\" \/>\n<meta name=\"twitter:label1\" content=\"Tiempo de lectura\" \/>\n\t<meta name=\"twitter:data1\" content=\"1 minuto\" \/>\n<script type=\"application\/ld+json\" class=\"yoast-schema-graph\">{\"@context\":\"https:\/\/schema.org\",\"@graph\":[{\"@type\":\"WebPage\",\"@id\":\"https:\/\/www.raimaberfluidtech.com\/industrial\/bombas-finish-thompson\/bomba-bidones-mezcladora-serie-tm\/\",\"url\":\"https:\/\/www.raimaberfluidtech.com\/industrial\/bombas-finish-thompson\/bomba-bidones-mezcladora-serie-tm\/\",\"name\":\"Bomba de bidones Mezcladora - Serie TM - Raimaber\",\"isPartOf\":{\"@id\":\"https:\/\/www.raimaberfluidtech.com\/industrial\/#website\"},\"datePublished\":\"2018-06-01T09:46:05+00:00\",\"dateModified\":\"2021-09-22T11:18:06+00:00\",\"description\":\"La bomba de bidones mezcladora serie TM de Finish Thompson es garant\u00eda de fiabilidad y calidad gracias a su larga trayectoria dentro del sector.\",\"breadcrumb\":{\"@id\":\"https:\/\/www.raimaberfluidtech.com\/industrial\/bombas-finish-thompson\/bomba-bidones-mezcladora-serie-tm\/#breadcrumb\"},\"inLanguage\":\"es\",\"potentialAction\":[{\"@type\":\"ReadAction\",\"target\":[\"https:\/\/www.raimaberfluidtech.com\/industrial\/bombas-finish-thompson\/bomba-bidones-mezcladora-serie-tm\/\"]}]},{\"@type\":\"BreadcrumbList\",\"@id\":\"https:\/\/www.raimaberfluidtech.com\/industrial\/bombas-finish-thompson\/bomba-bidones-mezcladora-serie-tm\/#breadcrumb\",\"itemListElement\":[{\"@type\":\"ListItem\",\"position\":1,\"name\":\"Home\",\"item\":\"https:\/\/www.raimaberfluidtech.com\/industrial\/\"},{\"@type\":\"ListItem\",\"position\":2,\"name\":\"FTI &#8211; Finish Thompson Inc\",\"item\":\"https:\/\/www.raimaberfluidtech.com\/industrial\/bombas-finish-thompson\/\"},{\"@type\":\"ListItem\",\"position\":3,\"name\":\"Bomba de bidones Mezcladora &#8211; Serie TM\"}]},{\"@type\":\"WebSite\",\"@id\":\"https:\/\/www.raimaberfluidtech.com\/industrial\/#website\",\"url\":\"https:\/\/www.raimaberfluidtech.com\/industrial\/\",\"name\":\"Raimaber Fluid Tech [Industrial]\",\"description\":\"Bombas industriales\",\"publisher\":{\"@id\":\"https:\/\/www.raimaberfluidtech.com\/industrial\/#organization\"},\"potentialAction\":[{\"@type\":\"SearchAction\",\"target\":{\"@type\":\"EntryPoint\",\"urlTemplate\":\"https:\/\/www.raimaberfluidtech.com\/industrial\/?s={search_term_string}\"},\"query-input\":{\"@type\":\"PropertyValueSpecification\",\"valueRequired\":true,\"valueName\":\"search_term_string\"}}],\"inLanguage\":\"es\"},{\"@type\":\"Organization\",\"@id\":\"https:\/\/www.raimaberfluidtech.com\/industrial\/#organization\",\"name\":\"Raimaber Fluid Tech [Industrial]\",\"url\":\"https:\/\/www.raimaberfluidtech.com\/industrial\/\",\"logo\":{\"@type\":\"ImageObject\",\"inLanguage\":\"es\",\"@id\":\"https:\/\/www.raimaberfluidtech.com\/industrial\/#\/schema\/logo\/image\/\",\"url\":\"https:\/\/www.raimaberfluidtech.com\/industrial\/wp-content\/blogs.dir\/4\/files\/2012\/11\/raimaber.gif\",\"contentUrl\":\"https:\/\/www.raimaberfluidtech.com\/industrial\/wp-content\/blogs.dir\/4\/files\/2012\/11\/raimaber.gif\",\"width\":\"705\",\"height\":\"438\",\"caption\":\"Raimaber Fluid Tech [Industrial]\"},\"image\":{\"@id\":\"https:\/\/www.raimaberfluidtech.com\/industrial\/#\/schema\/logo\/image\/\"}}]}<\/script>\n<!-- \/ Yoast SEO plugin. -->","yoast_head_json":{"title":"Bomba de bidones Mezcladora - Serie TM - Raimaber","description":"La bomba de bidones mezcladora serie TM de Finish Thompson es garant\u00eda de fiabilidad y calidad gracias a su larga trayectoria dentro del sector.","robots":{"index":"index","follow":"follow","max-snippet":"max-snippet:-1","max-image-preview":"max-image-preview:large","max-video-preview":"max-video-preview:-1"},"canonical":"https:\/\/www.raimaberfluidtech.com\/industrial\/bombas-finish-thompson\/bomba-bidones-mezcladora-serie-tm\/","og_locale":"es_ES","og_type":"article","og_title":"Bomba de bidones Mezcladora - Serie TM - Raimaber","og_description":"La bomba de bidones mezcladora serie TM de Finish Thompson es garant\u00eda de fiabilidad y calidad gracias a su larga trayectoria dentro del sector.","og_url":"https:\/\/www.raimaberfluidtech.com\/industrial\/bombas-finish-thompson\/bomba-bidones-mezcladora-serie-tm\/","og_site_name":"Raimaber Fluid Tech [Industrial]","article_modified_time":"2021-09-22T11:18:06+00:00","twitter_misc":{"Tiempo de lectura":"1 minuto"},"schema":{"@context":"https:\/\/schema.org","@graph":[{"@type":"WebPage","@id":"https:\/\/www.raimaberfluidtech.com\/industrial\/bombas-finish-thompson\/bomba-bidones-mezcladora-serie-tm\/","url":"https:\/\/www.raimaberfluidtech.com\/industrial\/bombas-finish-thompson\/bomba-bidones-mezcladora-serie-tm\/","name":"Bomba de bidones Mezcladora - Serie TM - Raimaber","isPartOf":{"@id":"https:\/\/www.raimaberfluidtech.com\/industrial\/#website"},"datePublished":"2018-06-01T09:46:05+00:00","dateModified":"2021-09-22T11:18:06+00:00","description":"La bomba de bidones mezcladora serie TM de Finish Thompson es garant\u00eda de fiabilidad y calidad gracias a su larga trayectoria dentro del sector.","breadcrumb":{"@id":"https:\/\/www.raimaberfluidtech.com\/industrial\/bombas-finish-thompson\/bomba-bidones-mezcladora-serie-tm\/#breadcrumb"},"inLanguage":"es","potentialAction":[{"@type":"ReadAction","target":["https:\/\/www.raimaberfluidtech.com\/industrial\/bombas-finish-thompson\/bomba-bidones-mezcladora-serie-tm\/"]}]},{"@type":"BreadcrumbList","@id":"https:\/\/www.raimaberfluidtech.com\/industrial\/bombas-finish-thompson\/bomba-bidones-mezcladora-serie-tm\/#breadcrumb","itemListElement":[{"@type":"ListItem","position":1,"name":"Home","item":"https:\/\/www.raimaberfluidtech.com\/industrial\/"},{"@type":"ListItem","position":2,"name":"FTI &#8211; Finish Thompson Inc","item":"https:\/\/www.raimaberfluidtech.com\/industrial\/bombas-finish-thompson\/"},{"@type":"ListItem","position":3,"name":"Bomba de bidones Mezcladora &#8211; Serie TM"}]},{"@type":"WebSite","@id":"https:\/\/www.raimaberfluidtech.com\/industrial\/#website","url":"https:\/\/www.raimaberfluidtech.com\/industrial\/","name":"Raimaber Fluid Tech [Industrial]","description":"Bombas industriales","publisher":{"@id":"https:\/\/www.raimaberfluidtech.com\/industrial\/#organization"},"potentialAction":[{"@type":"SearchAction","target":{"@type":"EntryPoint","urlTemplate":"https:\/\/www.raimaberfluidtech.com\/industrial\/?s={search_term_string}"},"query-input":{"@type":"PropertyValueSpecification","valueRequired":true,"valueName":"search_term_string"}}],"inLanguage":"es"},{"@type":"Organization","@id":"https:\/\/www.raimaberfluidtech.com\/industrial\/#organization","name":"Raimaber Fluid Tech [Industrial]","url":"https:\/\/www.raimaberfluidtech.com\/industrial\/","logo":{"@type":"ImageObject","inLanguage":"es","@id":"https:\/\/www.raimaberfluidtech.com\/industrial\/#\/schema\/logo\/image\/","url":"https:\/\/www.raimaberfluidtech.com\/industrial\/wp-content\/blogs.dir\/4\/files\/2012\/11\/raimaber.gif","contentUrl":"https:\/\/www.raimaberfluidtech.com\/industrial\/wp-content\/blogs.dir\/4\/files\/2012\/11\/raimaber.gif","width":"705","height":"438","caption":"Raimaber Fluid Tech [Industrial]"},"image":{"@id":"https:\/\/www.raimaberfluidtech.com\/industrial\/#\/schema\/logo\/image\/"}}]}},"_links":{"self":[{"href":"https:\/\/www.raimaberfluidtech.com\/industrial\/wp-json\/wp\/v2\/pages\/5263","targetHints":{"allow":["GET"]}}],"collection":[{"href":"https:\/\/www.raimaberfluidtech.com\/industrial\/wp-json\/wp\/v2\/pages"}],"about":[{"href":"https:\/\/www.raimaberfluidtech.com\/industrial\/wp-json\/wp\/v2\/types\/page"}],"author":[{"embeddable":true,"href":"https:\/\/www.raimaberfluidtech.com\/industrial\/wp-json\/wp\/v2\/users\/1"}],"replies":[{"embeddable":true,"href":"https:\/\/www.raimaberfluidtech.com\/industrial\/wp-json\/wp\/v2\/comments?post=5263"}],"version-history":[{"count":4,"href":"https:\/\/www.raimaberfluidtech.com\/industrial\/wp-json\/wp\/v2\/pages\/5263\/revisions"}],"predecessor-version":[{"id":7624,"href":"https:\/\/www.raimaberfluidtech.com\/industrial\/wp-json\/wp\/v2\/pages\/5263\/revisions\/7624"}],"up":[{"embeddable":true,"href":"https:\/\/www.raimaberfluidtech.com\/industrial\/wp-json\/wp\/v2\/pages\/364"}],"wp:attachment":[{"href":"https:\/\/www.raimaberfluidtech.com\/industrial\/wp-json\/wp\/v2\/media?parent=5263"}],"curies":[{"name":"wp","href":"https:\/\/api.w.org\/{rel}","templated":true}]}}