{"id":5255,"date":"2018-06-01T09:38:41","date_gmt":"2018-06-01T09:38:41","guid":{"rendered":"http:\/\/www.raimaberfluidtech.com\/industrial\/?page_id=5255"},"modified":"2021-09-22T11:16:51","modified_gmt":"2021-09-22T11:16:51","slug":"bombas-vaciado-bidones-serie-tb","status":"publish","type":"page","link":"https:\/\/www.raimaberfluidtech.com\/industrial\/bombas-finish-thompson\/bombas-vaciado-bidones-serie-tb\/","title":{"rendered":"Bombas de vaciado de bidones \u2013 Serie TB"},"content":{"rendered":"<div class=\"wpb-content-wrapper\"><p>[vc_row][vc_column width=\u00bb1\/2&#8243;][vc_media_grid element_width=\u00bb6&#8243; gap=\u00bb4&#8243; initial_loading_animation=\u00bbnone\u00bb grid_id=\u00bbvc_gid:1632308411219-94b5025f-1df8-0&#8243;][\/vc_column][vc_column width=\u00bb1\/2&#8243;][vc_custom_heading text=\u00bbBombas de vaciado de bidones \u2013 Serie TB\u00bb font_container=\u00bbtag:h2|font_size:18px|text_align:left|color:%23000000&#8243; use_theme_fonts=\u00bbyes\u00bb][vc_column_text]<\/p>\n<p style=\"font-weight: 400;\">Bomba de ca\u00f1a ligera, con cierre y econ\u00f3mica<\/p>\n<p style=\"font-weight: 400;\">Bombas ligeras apropiadas para l\u00edquidos corrosivos, disolventes y productos qu\u00edmicos de corrosi\u00f3n baja a media.<\/p>\n<p style=\"font-weight: 400;\"><strong>Se adapta a las aberturas de tap\u00f3n del bid\u00f3n m\u00e1s peque\u00f1as.<\/strong><\/p>\n<p style=\"font-weight: 400;\"><strong>ESPECIFICACIONES DE LA SERIE TB<\/strong><\/p>\n<ul>\n<li style=\"font-weight: 400;\">Caudal m\u00e1ximo hasta 75,7 lpm<\/li>\n<li style=\"font-weight: 400;\">Presi\u00f3n descarga m\u00e1xima: 8,5 o 12 m<\/li>\n<li style=\"font-weight: 400;\">Temperatura m\u00e1xima: 66 \u00baC<\/li>\n<li style=\"font-weight: 400;\">Peso espec\u00edfica m\u00e1ximo: 1,4<\/li>\n<li style=\"font-weight: 400;\">Viscosidad m\u00e1xima: 200 cPs<\/li>\n<li style=\"font-weight: 400;\">3,8 cm di\u00e1metro del tubo (TBS)<\/li>\n<li style=\"font-weight: 400;\">4,1 cm di\u00e1metro del tubo (TBP)<\/li>\n<li style=\"font-weight: 400;\">tama\u00f1o tuber\u00eda impulsi\u00f3n : 1&#8243; DN 25 mm<\/li>\n<\/ul>\n<p style=\"font-weight: 400;\">Se recomienda que para el bombeo de productos inflamables o combustibles, se utilizen motores de explosi\u00f3n con protecci\u00f3n el\u00e9ctrica o motores neum\u00e1ticos sobre tubos de acero inoxidable con kit de protecci\u00f3n electrost\u00e1tica.<\/p>\n<p>[\/vc_column_text][vc_empty_space][vc_btn title=\u00bbSOLICITUD DE INFORMACI\u00d3N T\u00c9CNICA\u00bb link=\u00bburl:https%3A%2F%2Fwww.raimaberfluidtech.com\/industrial%2Fsolicitud-informacion-tecnica%2F|title:Solicitud%20informaci%C3%B3n%20t%C3%A9cnica||\u00bb][\/vc_column][\/vc_row]<\/p>\n<\/div>","protected":false},"excerpt":{"rendered":"<p>[vc_row][vc_column width=\u00bb1\/2&#8243;][vc_media_grid element_width=\u00bb6&#8243; gap=\u00bb4&#8243; initial_loading_animation=\u00bbnone\u00bb grid_id=\u00bbvc_gid:1632308411219-94b5025f-1df8-0&#8243;][\/vc_column][vc_column width=\u00bb1\/2&#8243;][vc_custom_heading text=\u00bbBombas de vaciado de bidones \u2013 Serie TB\u00bb font_container=\u00bbtag:h2|font_size:18px|text_align:left|color:%23000000&#8243; use_theme_fonts=\u00bbyes\u00bb][vc_column_text] Bomba de ca\u00f1a ligera, con cierre y econ\u00f3mica Bombas ligeras apropiadas para l\u00edquidos corrosivos, disolventes y productos qu\u00edmicos de corrosi\u00f3n baja a media&#8230;.<\/p>\n","protected":false},"author":1,"featured_media":0,"parent":364,"menu_order":8,"comment_status":"closed","ping_status":"closed","template":"page-sidebar.php","meta":{"footnotes":""},"class_list":["post-5255","page","type-page","status-publish","hentry"],"yoast_head":"<!-- This site is optimized with the Yoast SEO plugin v24.3 - https:\/\/yoast.com\/wordpress\/plugins\/seo\/ -->\n<title>Bombas de vaciado de bidones \u2013 Serie TB - Raimaber<\/title>\n<meta name=\"description\" content=\"La bomba de vaciados de bidones serie TB de Finish Thompson, son apropiadas para l\u00edquidos corrosivos, disolventes y productos qu\u00edmicos.\" \/>\n<meta name=\"robots\" content=\"index, follow, max-snippet:-1, max-image-preview:large, max-video-preview:-1\" \/>\n<link rel=\"canonical\" href=\"https:\/\/www.raimaberfluidtech.com\/industrial\/bombas-finish-thompson\/bombas-vaciado-bidones-serie-tb\/\" \/>\n<meta property=\"og:locale\" content=\"es_ES\" \/>\n<meta property=\"og:type\" content=\"article\" \/>\n<meta property=\"og:title\" content=\"Bombas de vaciado de bidones \u2013 Serie TB - Raimaber\" \/>\n<meta property=\"og:description\" content=\"La bomba de vaciados de bidones serie TB de Finish Thompson, son apropiadas para l\u00edquidos corrosivos, disolventes y productos qu\u00edmicos.\" \/>\n<meta property=\"og:url\" content=\"https:\/\/www.raimaberfluidtech.com\/industrial\/bombas-finish-thompson\/bombas-vaciado-bidones-serie-tb\/\" \/>\n<meta property=\"og:site_name\" content=\"Raimaber Fluid Tech [Industrial]\" \/>\n<meta property=\"article:modified_time\" content=\"2021-09-22T11:16:51+00:00\" \/>\n<meta name=\"twitter:label1\" content=\"Tiempo de lectura\" \/>\n\t<meta name=\"twitter:data1\" content=\"1 minuto\" \/>\n<script type=\"application\/ld+json\" class=\"yoast-schema-graph\">{\"@context\":\"https:\/\/schema.org\",\"@graph\":[{\"@type\":\"WebPage\",\"@id\":\"https:\/\/www.raimaberfluidtech.com\/industrial\/bombas-finish-thompson\/bombas-vaciado-bidones-serie-tb\/\",\"url\":\"https:\/\/www.raimaberfluidtech.com\/industrial\/bombas-finish-thompson\/bombas-vaciado-bidones-serie-tb\/\",\"name\":\"Bombas de vaciado de bidones \u2013 Serie TB - Raimaber\",\"isPartOf\":{\"@id\":\"https:\/\/www.raimaberfluidtech.com\/industrial\/#website\"},\"datePublished\":\"2018-06-01T09:38:41+00:00\",\"dateModified\":\"2021-09-22T11:16:51+00:00\",\"description\":\"La bomba de vaciados de bidones serie TB de Finish Thompson, son apropiadas para l\u00edquidos corrosivos, disolventes y productos qu\u00edmicos.\",\"breadcrumb\":{\"@id\":\"https:\/\/www.raimaberfluidtech.com\/industrial\/bombas-finish-thompson\/bombas-vaciado-bidones-serie-tb\/#breadcrumb\"},\"inLanguage\":\"es\",\"potentialAction\":[{\"@type\":\"ReadAction\",\"target\":[\"https:\/\/www.raimaberfluidtech.com\/industrial\/bombas-finish-thompson\/bombas-vaciado-bidones-serie-tb\/\"]}]},{\"@type\":\"BreadcrumbList\",\"@id\":\"https:\/\/www.raimaberfluidtech.com\/industrial\/bombas-finish-thompson\/bombas-vaciado-bidones-serie-tb\/#breadcrumb\",\"itemListElement\":[{\"@type\":\"ListItem\",\"position\":1,\"name\":\"Home\",\"item\":\"https:\/\/www.raimaberfluidtech.com\/industrial\/\"},{\"@type\":\"ListItem\",\"position\":2,\"name\":\"FTI &#8211; Finish Thompson Inc\",\"item\":\"https:\/\/www.raimaberfluidtech.com\/industrial\/bombas-finish-thompson\/\"},{\"@type\":\"ListItem\",\"position\":3,\"name\":\"Bombas de vaciado de bidones \u2013 Serie TB\"}]},{\"@type\":\"WebSite\",\"@id\":\"https:\/\/www.raimaberfluidtech.com\/industrial\/#website\",\"url\":\"https:\/\/www.raimaberfluidtech.com\/industrial\/\",\"name\":\"Raimaber Fluid Tech [Industrial]\",\"description\":\"Bombas industriales\",\"publisher\":{\"@id\":\"https:\/\/www.raimaberfluidtech.com\/industrial\/#organization\"},\"potentialAction\":[{\"@type\":\"SearchAction\",\"target\":{\"@type\":\"EntryPoint\",\"urlTemplate\":\"https:\/\/www.raimaberfluidtech.com\/industrial\/?s={search_term_string}\"},\"query-input\":{\"@type\":\"PropertyValueSpecification\",\"valueRequired\":true,\"valueName\":\"search_term_string\"}}],\"inLanguage\":\"es\"},{\"@type\":\"Organization\",\"@id\":\"https:\/\/www.raimaberfluidtech.com\/industrial\/#organization\",\"name\":\"Raimaber Fluid Tech [Industrial]\",\"url\":\"https:\/\/www.raimaberfluidtech.com\/industrial\/\",\"logo\":{\"@type\":\"ImageObject\",\"inLanguage\":\"es\",\"@id\":\"https:\/\/www.raimaberfluidtech.com\/industrial\/#\/schema\/logo\/image\/\",\"url\":\"https:\/\/www.raimaberfluidtech.com\/industrial\/wp-content\/blogs.dir\/4\/files\/2012\/11\/raimaber.gif\",\"contentUrl\":\"https:\/\/www.raimaberfluidtech.com\/industrial\/wp-content\/blogs.dir\/4\/files\/2012\/11\/raimaber.gif\",\"width\":\"705\",\"height\":\"438\",\"caption\":\"Raimaber Fluid Tech [Industrial]\"},\"image\":{\"@id\":\"https:\/\/www.raimaberfluidtech.com\/industrial\/#\/schema\/logo\/image\/\"}}]}<\/script>\n<!-- \/ Yoast SEO plugin. -->","yoast_head_json":{"title":"Bombas de vaciado de bidones \u2013 Serie TB - Raimaber","description":"La bomba de vaciados de bidones serie TB de Finish Thompson, son apropiadas para l\u00edquidos corrosivos, disolventes y productos qu\u00edmicos.","robots":{"index":"index","follow":"follow","max-snippet":"max-snippet:-1","max-image-preview":"max-image-preview:large","max-video-preview":"max-video-preview:-1"},"canonical":"https:\/\/www.raimaberfluidtech.com\/industrial\/bombas-finish-thompson\/bombas-vaciado-bidones-serie-tb\/","og_locale":"es_ES","og_type":"article","og_title":"Bombas de vaciado de bidones \u2013 Serie TB - Raimaber","og_description":"La bomba de vaciados de bidones serie TB de Finish Thompson, son apropiadas para l\u00edquidos corrosivos, disolventes y productos qu\u00edmicos.","og_url":"https:\/\/www.raimaberfluidtech.com\/industrial\/bombas-finish-thompson\/bombas-vaciado-bidones-serie-tb\/","og_site_name":"Raimaber Fluid Tech [Industrial]","article_modified_time":"2021-09-22T11:16:51+00:00","twitter_misc":{"Tiempo de lectura":"1 minuto"},"schema":{"@context":"https:\/\/schema.org","@graph":[{"@type":"WebPage","@id":"https:\/\/www.raimaberfluidtech.com\/industrial\/bombas-finish-thompson\/bombas-vaciado-bidones-serie-tb\/","url":"https:\/\/www.raimaberfluidtech.com\/industrial\/bombas-finish-thompson\/bombas-vaciado-bidones-serie-tb\/","name":"Bombas de vaciado de bidones \u2013 Serie TB - Raimaber","isPartOf":{"@id":"https:\/\/www.raimaberfluidtech.com\/industrial\/#website"},"datePublished":"2018-06-01T09:38:41+00:00","dateModified":"2021-09-22T11:16:51+00:00","description":"La bomba de vaciados de bidones serie TB de Finish Thompson, son apropiadas para l\u00edquidos corrosivos, disolventes y productos qu\u00edmicos.","breadcrumb":{"@id":"https:\/\/www.raimaberfluidtech.com\/industrial\/bombas-finish-thompson\/bombas-vaciado-bidones-serie-tb\/#breadcrumb"},"inLanguage":"es","potentialAction":[{"@type":"ReadAction","target":["https:\/\/www.raimaberfluidtech.com\/industrial\/bombas-finish-thompson\/bombas-vaciado-bidones-serie-tb\/"]}]},{"@type":"BreadcrumbList","@id":"https:\/\/www.raimaberfluidtech.com\/industrial\/bombas-finish-thompson\/bombas-vaciado-bidones-serie-tb\/#breadcrumb","itemListElement":[{"@type":"ListItem","position":1,"name":"Home","item":"https:\/\/www.raimaberfluidtech.com\/industrial\/"},{"@type":"ListItem","position":2,"name":"FTI &#8211; Finish Thompson Inc","item":"https:\/\/www.raimaberfluidtech.com\/industrial\/bombas-finish-thompson\/"},{"@type":"ListItem","position":3,"name":"Bombas de vaciado de bidones \u2013 Serie TB"}]},{"@type":"WebSite","@id":"https:\/\/www.raimaberfluidtech.com\/industrial\/#website","url":"https:\/\/www.raimaberfluidtech.com\/industrial\/","name":"Raimaber Fluid Tech [Industrial]","description":"Bombas industriales","publisher":{"@id":"https:\/\/www.raimaberfluidtech.com\/industrial\/#organization"},"potentialAction":[{"@type":"SearchAction","target":{"@type":"EntryPoint","urlTemplate":"https:\/\/www.raimaberfluidtech.com\/industrial\/?s={search_term_string}"},"query-input":{"@type":"PropertyValueSpecification","valueRequired":true,"valueName":"search_term_string"}}],"inLanguage":"es"},{"@type":"Organization","@id":"https:\/\/www.raimaberfluidtech.com\/industrial\/#organization","name":"Raimaber Fluid Tech [Industrial]","url":"https:\/\/www.raimaberfluidtech.com\/industrial\/","logo":{"@type":"ImageObject","inLanguage":"es","@id":"https:\/\/www.raimaberfluidtech.com\/industrial\/#\/schema\/logo\/image\/","url":"https:\/\/www.raimaberfluidtech.com\/industrial\/wp-content\/blogs.dir\/4\/files\/2012\/11\/raimaber.gif","contentUrl":"https:\/\/www.raimaberfluidtech.com\/industrial\/wp-content\/blogs.dir\/4\/files\/2012\/11\/raimaber.gif","width":"705","height":"438","caption":"Raimaber Fluid Tech [Industrial]"},"image":{"@id":"https:\/\/www.raimaberfluidtech.com\/industrial\/#\/schema\/logo\/image\/"}}]}},"_links":{"self":[{"href":"https:\/\/www.raimaberfluidtech.com\/industrial\/wp-json\/wp\/v2\/pages\/5255","targetHints":{"allow":["GET"]}}],"collection":[{"href":"https:\/\/www.raimaberfluidtech.com\/industrial\/wp-json\/wp\/v2\/pages"}],"about":[{"href":"https:\/\/www.raimaberfluidtech.com\/industrial\/wp-json\/wp\/v2\/types\/page"}],"author":[{"embeddable":true,"href":"https:\/\/www.raimaberfluidtech.com\/industrial\/wp-json\/wp\/v2\/users\/1"}],"replies":[{"embeddable":true,"href":"https:\/\/www.raimaberfluidtech.com\/industrial\/wp-json\/wp\/v2\/comments?post=5255"}],"version-history":[{"count":5,"href":"https:\/\/www.raimaberfluidtech.com\/industrial\/wp-json\/wp\/v2\/pages\/5255\/revisions"}],"predecessor-version":[{"id":7620,"href":"https:\/\/www.raimaberfluidtech.com\/industrial\/wp-json\/wp\/v2\/pages\/5255\/revisions\/7620"}],"up":[{"embeddable":true,"href":"https:\/\/www.raimaberfluidtech.com\/industrial\/wp-json\/wp\/v2\/pages\/364"}],"wp:attachment":[{"href":"https:\/\/www.raimaberfluidtech.com\/industrial\/wp-json\/wp\/v2\/media?parent=5255"}],"curies":[{"name":"wp","href":"https:\/\/api.w.org\/{rel}","templated":true}]}}