{"id":5157,"date":"2018-04-10T14:26:57","date_gmt":"2018-04-10T14:26:57","guid":{"rendered":"http:\/\/www.raimaberfluidtech.com\/industrial\/?page_id=5157"},"modified":"2025-02-10T18:07:46","modified_gmt":"2025-02-10T18:07:46","slug":"serie-plastico","status":"publish","type":"page","link":"https:\/\/www.raimaberfluidtech.com\/industrial\/dellmeco\/serie-plastica","title":{"rendered":"Serie PL\u00c1STICA (PE-PTFE)"},"content":{"rendered":"<div class=\"wpb-content-wrapper\"><p>[vc_row][vc_column width=\u00bb1\/2&#8243;][vc_media_grid element_width=\u00bb6&#8243; gap=\u00bb4&#8243; initial_loading_animation=\u00bbnone\u00bb grid_id=\u00bbvc_gid:1632304980207-a24512dc-a993-3&#8243; include=\u00bb5163,5166&#8243;][\/vc_column][vc_column width=\u00bb1\/2&#8243;][vc_custom_heading text=\u00bbSerie PE-Polietileno\u00bb font_container=\u00bbtag:h2|font_size:18px|text_align:left|color:%23000000&#8243; use_theme_fonts=\u00bbyes\u00bb][vc_column_text]Las bombas de diafragma de aire <strong>DELLMECO<\/strong> (AODD) son adecuadas para una amplia gama de aplicaciones.<\/p>\n<p>Tienen una alta resistencia a la abrasi\u00f3n y resisten los productos qu\u00edmicos agresivos, incluidos \u00e1cidos, aceites, disolventes, pinturas, lodos e incluso medios que contienen part\u00edculas s\u00f3lidas como las que se encuentran en las aguas residuales. Estas bombas tambi\u00e9n se pueden usar para transferir polvos.<\/p>\n<p>Todas las bombas son auto-cebantes y las capacidades y la presi\u00f3n se pueden controlar f\u00e1cilmente.<\/p>\n<p>La carcasa en contacto con el fluido est\u00e1 hecha de PE (polietileno), PE conductivo, PTFE (politetrafluoroetileno), PTFE conductor.<\/p>\n<p><strong>Caracter\u00edsticas:<\/strong><\/p>\n<ul>\n<li>hasta 120 \u00baC<\/li>\n<li>hasta 14 bar<\/li>\n<li>operaci\u00f3n sin lubricaci\u00f3n<\/li>\n<li>conexiones BSP, opcional\u00a0 PN10, PN16, ANSI, JIS, RJT, manifold dividido. Las conexiones se pueden mover 180 \u00ba<\/li>\n<li>cuerpo mecanizado desde un bloque, alta resistencia qu\u00edmica y mec\u00e1nica<\/li>\n<\/ul>\n<p>[\/vc_column_text][vc_empty_space][vc_btn title=\u00bbSOLICITUD DE INFORMACI\u00d3N T\u00c9CNICA\u00bb link=\u00bburl:https%3A%2F%2Fwww.raimaberfluidtech.com\/industrial%2Fsolicitud-informacion-tecnica%2F|title:Solicitud%20informaci%C3%B3n%20t%C3%A9cnica||\u00bb][\/vc_column][\/vc_row]<\/p>\n<\/div>","protected":false},"excerpt":{"rendered":"<p>[vc_row][vc_column width=\u00bb1\/2&#8243;][vc_media_grid element_width=\u00bb6&#8243; gap=\u00bb4&#8243; initial_loading_animation=\u00bbnone\u00bb grid_id=\u00bbvc_gid:1632304980207-a24512dc-a993-3&#8243; include=\u00bb5163,5166&#8243;][\/vc_column][vc_column width=\u00bb1\/2&#8243;][vc_custom_heading text=\u00bbSerie PE-Polietileno\u00bb font_container=\u00bbtag:h2|font_size:18px|text_align:left|color:%23000000&#8243; use_theme_fonts=\u00bbyes\u00bb][vc_column_text]Las bombas de diafragma de aire DELLMECO (AODD) son adecuadas para una amplia gama de aplicaciones. Tienen una alta resistencia a la abrasi\u00f3n y resisten los productos qu\u00edmicos agresivos,&#8230;<\/p>\n","protected":false},"author":1,"featured_media":0,"parent":5154,"menu_order":0,"comment_status":"closed","ping_status":"closed","template":"page-sidebar.php","meta":{"footnotes":""},"class_list":["post-5157","page","type-page","status-publish","hentry"],"yoast_head":"<!-- This site is optimized with the Yoast SEO plugin v24.3 - https:\/\/yoast.com\/wordpress\/plugins\/seo\/ -->\n<title>Dellmeco: Serie PL\u00c1STICA (PE-PTFE) - Raimaber Fluid Tech [Industrial]<\/title>\n<meta name=\"description\" content=\"Secci\u00f3n de Dellmeco: Serie PL\u00c1STICA (PE-PTFE) en Raimaber Fluid Tech [Industrial]. Contacte y le informamos.\" \/>\n<meta name=\"robots\" content=\"index, follow, max-snippet:-1, max-image-preview:large, max-video-preview:-1\" \/>\n<link rel=\"canonical\" href=\"https:\/\/www.raimaberfluidtech.com\/industrial\/dellmeco\/serie-plastica\/\" \/>\n<meta property=\"og:locale\" content=\"es_ES\" \/>\n<meta property=\"og:type\" content=\"article\" \/>\n<meta property=\"og:title\" content=\"Dellmeco: Serie PL\u00c1STICA (PE-PTFE) - Raimaber Fluid Tech [Industrial]\" \/>\n<meta property=\"og:description\" content=\"Secci\u00f3n de Dellmeco: Serie PL\u00c1STICA (PE-PTFE) en Raimaber Fluid Tech [Industrial]. Contacte y le informamos.\" \/>\n<meta property=\"og:url\" content=\"https:\/\/www.raimaberfluidtech.com\/industrial\/dellmeco\/serie-plastica\" \/>\n<meta property=\"og:site_name\" content=\"Raimaber Fluid Tech [Industrial]\" \/>\n<meta property=\"article:modified_time\" content=\"2025-02-10T18:07:46+00:00\" \/>\n<meta name=\"twitter:label1\" content=\"Tiempo de lectura\" \/>\n\t<meta name=\"twitter:data1\" content=\"1 minuto\" \/>\n<script type=\"application\/ld+json\" class=\"yoast-schema-graph\">{\"@context\":\"https:\/\/schema.org\",\"@graph\":[{\"@type\":\"WebPage\",\"@id\":\"https:\/\/www.raimaberfluidtech.com\/industrial\/dellmeco\/serie-plastica\",\"url\":\"https:\/\/www.raimaberfluidtech.com\/industrial\/dellmeco\/serie-plastica\",\"name\":\"Dellmeco: Serie PL\u00c1STICA (PE-PTFE) - Raimaber Fluid Tech [Industrial]\",\"isPartOf\":{\"@id\":\"https:\/\/www.raimaberfluidtech.com\/industrial\/#website\"},\"datePublished\":\"2018-04-10T14:26:57+00:00\",\"dateModified\":\"2025-02-10T18:07:46+00:00\",\"description\":\"Secci\u00f3n de Dellmeco: Serie PL\u00c1STICA (PE-PTFE) en Raimaber Fluid Tech [Industrial]. Contacte y le informamos.\",\"breadcrumb\":{\"@id\":\"https:\/\/www.raimaberfluidtech.com\/industrial\/dellmeco\/serie-plastica#breadcrumb\"},\"inLanguage\":\"es\",\"potentialAction\":[{\"@type\":\"ReadAction\",\"target\":[\"https:\/\/www.raimaberfluidtech.com\/industrial\/dellmeco\/serie-plastica\"]}]},{\"@type\":\"BreadcrumbList\",\"@id\":\"https:\/\/www.raimaberfluidtech.com\/industrial\/dellmeco\/serie-plastica#breadcrumb\",\"itemListElement\":[{\"@type\":\"ListItem\",\"position\":1,\"name\":\"Home\",\"item\":\"https:\/\/www.raimaberfluidtech.com\/industrial\/\"},{\"@type\":\"ListItem\",\"position\":2,\"name\":\"Dellmeco\",\"item\":\"https:\/\/www.raimaberfluidtech.com\/industrial\/dellmeco\/\"},{\"@type\":\"ListItem\",\"position\":3,\"name\":\"Serie PL\u00c1STICA (PE-PTFE)\"}]},{\"@type\":\"WebSite\",\"@id\":\"https:\/\/www.raimaberfluidtech.com\/industrial\/#website\",\"url\":\"https:\/\/www.raimaberfluidtech.com\/industrial\/\",\"name\":\"Raimaber Fluid Tech [Industrial]\",\"description\":\"Bombas industriales\",\"publisher\":{\"@id\":\"https:\/\/www.raimaberfluidtech.com\/industrial\/#organization\"},\"potentialAction\":[{\"@type\":\"SearchAction\",\"target\":{\"@type\":\"EntryPoint\",\"urlTemplate\":\"https:\/\/www.raimaberfluidtech.com\/industrial\/?s={search_term_string}\"},\"query-input\":{\"@type\":\"PropertyValueSpecification\",\"valueRequired\":true,\"valueName\":\"search_term_string\"}}],\"inLanguage\":\"es\"},{\"@type\":\"Organization\",\"@id\":\"https:\/\/www.raimaberfluidtech.com\/industrial\/#organization\",\"name\":\"Raimaber Fluid Tech [Industrial]\",\"url\":\"https:\/\/www.raimaberfluidtech.com\/industrial\/\",\"logo\":{\"@type\":\"ImageObject\",\"inLanguage\":\"es\",\"@id\":\"https:\/\/www.raimaberfluidtech.com\/industrial\/#\/schema\/logo\/image\/\",\"url\":\"https:\/\/www.raimaberfluidtech.com\/industrial\/wp-content\/blogs.dir\/4\/files\/2012\/11\/raimaber.gif\",\"contentUrl\":\"https:\/\/www.raimaberfluidtech.com\/industrial\/wp-content\/blogs.dir\/4\/files\/2012\/11\/raimaber.gif\",\"width\":\"705\",\"height\":\"438\",\"caption\":\"Raimaber Fluid Tech [Industrial]\"},\"image\":{\"@id\":\"https:\/\/www.raimaberfluidtech.com\/industrial\/#\/schema\/logo\/image\/\"}}]}<\/script>\n<!-- \/ Yoast SEO plugin. -->","yoast_head_json":{"title":"Dellmeco: Serie PL\u00c1STICA (PE-PTFE) - Raimaber Fluid Tech [Industrial]","description":"Secci\u00f3n de Dellmeco: Serie PL\u00c1STICA (PE-PTFE) en Raimaber Fluid Tech [Industrial]. Contacte y le informamos.","robots":{"index":"index","follow":"follow","max-snippet":"max-snippet:-1","max-image-preview":"max-image-preview:large","max-video-preview":"max-video-preview:-1"},"canonical":"https:\/\/www.raimaberfluidtech.com\/industrial\/dellmeco\/serie-plastica\/","og_locale":"es_ES","og_type":"article","og_title":"Dellmeco: Serie PL\u00c1STICA (PE-PTFE) - Raimaber Fluid Tech [Industrial]","og_description":"Secci\u00f3n de Dellmeco: Serie PL\u00c1STICA (PE-PTFE) en Raimaber Fluid Tech [Industrial]. Contacte y le informamos.","og_url":"https:\/\/www.raimaberfluidtech.com\/industrial\/dellmeco\/serie-plastica","og_site_name":"Raimaber Fluid Tech [Industrial]","article_modified_time":"2025-02-10T18:07:46+00:00","twitter_misc":{"Tiempo de lectura":"1 minuto"},"schema":{"@context":"https:\/\/schema.org","@graph":[{"@type":"WebPage","@id":"https:\/\/www.raimaberfluidtech.com\/industrial\/dellmeco\/serie-plastica","url":"https:\/\/www.raimaberfluidtech.com\/industrial\/dellmeco\/serie-plastica","name":"Dellmeco: Serie PL\u00c1STICA (PE-PTFE) - Raimaber Fluid Tech [Industrial]","isPartOf":{"@id":"https:\/\/www.raimaberfluidtech.com\/industrial\/#website"},"datePublished":"2018-04-10T14:26:57+00:00","dateModified":"2025-02-10T18:07:46+00:00","description":"Secci\u00f3n de Dellmeco: Serie PL\u00c1STICA (PE-PTFE) en Raimaber Fluid Tech [Industrial]. Contacte y le informamos.","breadcrumb":{"@id":"https:\/\/www.raimaberfluidtech.com\/industrial\/dellmeco\/serie-plastica#breadcrumb"},"inLanguage":"es","potentialAction":[{"@type":"ReadAction","target":["https:\/\/www.raimaberfluidtech.com\/industrial\/dellmeco\/serie-plastica"]}]},{"@type":"BreadcrumbList","@id":"https:\/\/www.raimaberfluidtech.com\/industrial\/dellmeco\/serie-plastica#breadcrumb","itemListElement":[{"@type":"ListItem","position":1,"name":"Home","item":"https:\/\/www.raimaberfluidtech.com\/industrial\/"},{"@type":"ListItem","position":2,"name":"Dellmeco","item":"https:\/\/www.raimaberfluidtech.com\/industrial\/dellmeco\/"},{"@type":"ListItem","position":3,"name":"Serie PL\u00c1STICA (PE-PTFE)"}]},{"@type":"WebSite","@id":"https:\/\/www.raimaberfluidtech.com\/industrial\/#website","url":"https:\/\/www.raimaberfluidtech.com\/industrial\/","name":"Raimaber Fluid Tech [Industrial]","description":"Bombas industriales","publisher":{"@id":"https:\/\/www.raimaberfluidtech.com\/industrial\/#organization"},"potentialAction":[{"@type":"SearchAction","target":{"@type":"EntryPoint","urlTemplate":"https:\/\/www.raimaberfluidtech.com\/industrial\/?s={search_term_string}"},"query-input":{"@type":"PropertyValueSpecification","valueRequired":true,"valueName":"search_term_string"}}],"inLanguage":"es"},{"@type":"Organization","@id":"https:\/\/www.raimaberfluidtech.com\/industrial\/#organization","name":"Raimaber Fluid Tech [Industrial]","url":"https:\/\/www.raimaberfluidtech.com\/industrial\/","logo":{"@type":"ImageObject","inLanguage":"es","@id":"https:\/\/www.raimaberfluidtech.com\/industrial\/#\/schema\/logo\/image\/","url":"https:\/\/www.raimaberfluidtech.com\/industrial\/wp-content\/blogs.dir\/4\/files\/2012\/11\/raimaber.gif","contentUrl":"https:\/\/www.raimaberfluidtech.com\/industrial\/wp-content\/blogs.dir\/4\/files\/2012\/11\/raimaber.gif","width":"705","height":"438","caption":"Raimaber Fluid Tech [Industrial]"},"image":{"@id":"https:\/\/www.raimaberfluidtech.com\/industrial\/#\/schema\/logo\/image\/"}}]}},"_links":{"self":[{"href":"https:\/\/www.raimaberfluidtech.com\/industrial\/wp-json\/wp\/v2\/pages\/5157","targetHints":{"allow":["GET"]}}],"collection":[{"href":"https:\/\/www.raimaberfluidtech.com\/industrial\/wp-json\/wp\/v2\/pages"}],"about":[{"href":"https:\/\/www.raimaberfluidtech.com\/industrial\/wp-json\/wp\/v2\/types\/page"}],"author":[{"embeddable":true,"href":"https:\/\/www.raimaberfluidtech.com\/industrial\/wp-json\/wp\/v2\/users\/1"}],"replies":[{"embeddable":true,"href":"https:\/\/www.raimaberfluidtech.com\/industrial\/wp-json\/wp\/v2\/comments?post=5157"}],"version-history":[{"count":11,"href":"https:\/\/www.raimaberfluidtech.com\/industrial\/wp-json\/wp\/v2\/pages\/5157\/revisions"}],"predecessor-version":[{"id":14046,"href":"https:\/\/www.raimaberfluidtech.com\/industrial\/wp-json\/wp\/v2\/pages\/5157\/revisions\/14046"}],"up":[{"embeddable":true,"href":"https:\/\/www.raimaberfluidtech.com\/industrial\/wp-json\/wp\/v2\/pages\/5154"}],"wp:attachment":[{"href":"https:\/\/www.raimaberfluidtech.com\/industrial\/wp-json\/wp\/v2\/media?parent=5157"}],"curies":[{"name":"wp","href":"https:\/\/api.w.org\/{rel}","templated":true}]}}