{"id":457,"date":"2012-12-11T12:36:14","date_gmt":"2012-12-11T12:36:14","guid":{"rendered":"http:\/\/www.raimaberfluidtech.com\/industrial\/?page_id=457"},"modified":"2023-07-17T14:53:04","modified_gmt":"2023-07-17T14:53:04","slug":"bombas-series-tra10-tra20","status":"publish","type":"page","link":"https:\/\/www.raimaberfluidtech.com\/industrial\/viking-hygienic\/bombas-series-tra10-tra20\/","title":{"rendered":"Bombas Series TRA10 y TRA20"},"content":{"rendered":"<div class=\"wpb-content-wrapper\"><p>[vc_row][vc_column width=\u00bb1\/2&#8243;][vc_media_grid element_width=\u00bb6&#8243; gap=\u00bb4&#8243; grid_id=\u00bbvc_gid:1689604344398-9519dba1-1809-5&#8243; include=\u00bb4638,4639,4640,4641,4642,4643,4644&#8243;][\/vc_column][vc_column width=\u00bb1\/2&#8243;][vc_custom_heading text=\u00bbBombas Series TRA10 y TRA20&#8243; font_container=\u00bbtag:h2|font_size:18px|text_align:left|color:%23000000&#8243; use_theme_fonts=\u00bbyes\u00bb][vc_column_text]<\/p>\n<div class=\"in-content col-1\">\n<p>Las principales caracter\u00edsticas de las<strong> bombas de las series TRA10 y TRA20 <\/strong>de <span style=\"line-height: 1.5;\"><a href=\"https:\/\/www.raimaberfluidtech.com\/industrial\/viking-hygienic\">Viking Hygienic<\/a><\/span>:<\/p>\n<p>A writing service <a href=\"http:\/\/www.letmetalk.info\/discussions\/organizing-a-laboratory-report-intro.html\">www.letmetalk.info<\/a> that sells essays should have some experience in the writing area.<\/p>\n<ul>\n<li style=\"text-align: justify;\">Bomba tipo PIST\u00d3N ROTATIVO.<\/li>\n<li style=\"text-align: justify;\">A la serie TRA10, se le pueden montar 4 tipos de cierre: junta t\u00f3rica individual o doble, cierre mec\u00e1nico sencillo o doble con refrigeraci\u00f3n.<\/li>\n<li style=\"text-align: justify;\">Garant\u00eda en todos los modelos hasta 14 bar, para la serie TRA10.<\/li>\n<li style=\"text-align: justify;\">Garant\u00eda en todos los modelos hasta 14 bar, en algunos modelos podemos llegar hasta 31 \u00f3 34 bar , para la serie TRA20.<\/li>\n<li style=\"text-align: justify;\">La serie TRA20, s\u00f3lo es opcional con cierre mec\u00e1nico sencillo y doble con refrigeraci\u00f3n.<\/li>\n<li style=\"text-align: justify;\">En ambas series, podemos llegar a combinar varios materiales tanto en los cierres como en los elast\u00f3meros.<\/li>\n<li style=\"text-align: justify;\">Las dos series son completamente intercambiables dimensionalmente con las bombas Waukesha de la serie U1 y U2. Adem\u00e1s, las piezas tambi\u00e9n son intercambiables al 100 % con ambas series.<\/li>\n<li style=\"text-align: justify;\">Bomba bi-direccional, sin modificaciones.<\/li>\n<li style=\"text-align: justify;\">4 posiciones de montaje.<\/li>\n<li style=\"text-align: justify;\">Estas bombas se dise\u00f1aron, para el bombeo de productos delicados , sensibles a la cizalla y con part\u00edculas en suspensi\u00f3n como trozos de frutas, carne, vegetales, etc \u2026<\/li>\n<li style=\"text-align: justify;\">Caudales hasta 102 m3\/h.<\/li>\n<li style=\"text-align: justify;\">Presiones hasta 34 bar.<\/li>\n<li style=\"text-align: justify;\">4 tipos de cierre.<\/li>\n<li style=\"text-align: justify;\">4 posiciones de montaje.<\/li>\n<li style=\"text-align: justify;\">Rotores en material antifricci\u00f3n W808.<\/li>\n<li style=\"text-align: justify;\">Material de los ejes reforzado en inox 17-4 PH.<\/li>\n<li style=\"text-align: justify;\">Certificado Ehedg.<\/li>\n<\/ul>\n<\/div>\n<p>[\/vc_column_text][vc_empty_space][vc_btn title=\u00bbSOLICITUD DE INFORMACI\u00d3N T\u00c9CNICA\u00bb link=\u00bburl:https%3A%2F%2Fwww.raimaberfluidtech.com\/industrial%2Fsolicitud-informacion-tecnica%2F|title:Solicitud%20informaci%C3%B3n%20t%C3%A9cnica||\u00bb][\/vc_column][\/vc_row]<\/p>\n<\/div>","protected":false},"excerpt":{"rendered":"<p>[vc_row][vc_column width=\u00bb1\/2&#8243;][vc_media_grid element_width=\u00bb6&#8243; gap=\u00bb4&#8243; grid_id=\u00bbvc_gid:1689604344398-9519dba1-1809-5&#8243; include=\u00bb4638,4639,4640,4641,4642,4643,4644&#8243;][\/vc_column][vc_column width=\u00bb1\/2&#8243;][vc_custom_heading text=\u00bbBombas Series TRA10 y TRA20&#8243; font_container=\u00bbtag:h2|font_size:18px|text_align:left|color:%23000000&#8243; use_theme_fonts=\u00bbyes\u00bb][vc_column_text] Las principales caracter\u00edsticas de las bombas de las series TRA10 y TRA20 de Viking Hygienic: A writing service www.letmetalk.info that sells essays should have some experience&#8230;<\/p>\n","protected":false},"author":1,"featured_media":0,"parent":172,"menu_order":7,"comment_status":"closed","ping_status":"closed","template":"page-sidebar.php","meta":{"footnotes":""},"class_list":["post-457","page","type-page","status-publish","hentry"],"yoast_head":"<!-- This site is optimized with the Yoast SEO plugin v24.3 - https:\/\/yoast.com\/wordpress\/plugins\/seo\/ -->\n<title>Bombas industriales - series TRA10 y TRA20 - Raimaber<\/title>\n<meta name=\"description\" content=\"Consulta en nuestra web Raimaber las principales caracter\u00edsticas de las bombas de las series TRA10 y TRA20 de Wright Flow Technologies\" \/>\n<meta name=\"robots\" content=\"index, follow, max-snippet:-1, max-image-preview:large, max-video-preview:-1\" \/>\n<link rel=\"canonical\" href=\"https:\/\/www.raimaberfluidtech.com\/industrial\/viking-hygienic\/bombas-series-tra10-tra20\/\" \/>\n<meta property=\"og:locale\" content=\"es_ES\" \/>\n<meta property=\"og:type\" content=\"article\" \/>\n<meta property=\"og:title\" content=\"Bombas industriales - series TRA10 y TRA20 - Raimaber\" \/>\n<meta property=\"og:description\" content=\"Consulta en nuestra web Raimaber las principales caracter\u00edsticas de las bombas de las series TRA10 y TRA20 de Wright Flow Technologies\" \/>\n<meta property=\"og:url\" content=\"https:\/\/www.raimaberfluidtech.com\/industrial\/viking-hygienic\/bombas-series-tra10-tra20\/\" \/>\n<meta property=\"og:site_name\" content=\"Raimaber Fluid Tech [Industrial]\" \/>\n<meta property=\"article:modified_time\" content=\"2023-07-17T14:53:04+00:00\" \/>\n<meta name=\"twitter:label1\" content=\"Tiempo de lectura\" \/>\n\t<meta name=\"twitter:data1\" content=\"2 minutos\" \/>\n<script type=\"application\/ld+json\" class=\"yoast-schema-graph\">{\"@context\":\"https:\/\/schema.org\",\"@graph\":[{\"@type\":\"WebPage\",\"@id\":\"https:\/\/www.raimaberfluidtech.com\/industrial\/viking-hygienic\/bombas-series-tra10-tra20\/\",\"url\":\"https:\/\/www.raimaberfluidtech.com\/industrial\/viking-hygienic\/bombas-series-tra10-tra20\/\",\"name\":\"Bombas industriales - series TRA10 y TRA20 - Raimaber\",\"isPartOf\":{\"@id\":\"https:\/\/www.raimaberfluidtech.com\/industrial\/#website\"},\"datePublished\":\"2012-12-11T12:36:14+00:00\",\"dateModified\":\"2023-07-17T14:53:04+00:00\",\"description\":\"Consulta en nuestra web Raimaber las principales caracter\u00edsticas de las bombas de las series TRA10 y TRA20 de Wright Flow Technologies\",\"breadcrumb\":{\"@id\":\"https:\/\/www.raimaberfluidtech.com\/industrial\/viking-hygienic\/bombas-series-tra10-tra20\/#breadcrumb\"},\"inLanguage\":\"es\",\"potentialAction\":[{\"@type\":\"ReadAction\",\"target\":[\"https:\/\/www.raimaberfluidtech.com\/industrial\/viking-hygienic\/bombas-series-tra10-tra20\/\"]}]},{\"@type\":\"BreadcrumbList\",\"@id\":\"https:\/\/www.raimaberfluidtech.com\/industrial\/viking-hygienic\/bombas-series-tra10-tra20\/#breadcrumb\",\"itemListElement\":[{\"@type\":\"ListItem\",\"position\":1,\"name\":\"Home\",\"item\":\"https:\/\/www.raimaberfluidtech.com\/industrial\/\"},{\"@type\":\"ListItem\",\"position\":2,\"name\":\"Viking Hygienic\",\"item\":\"https:\/\/www.raimaberfluidtech.com\/industrial\/viking-hygienic\/\"},{\"@type\":\"ListItem\",\"position\":3,\"name\":\"Bombas Series TRA10 y TRA20\"}]},{\"@type\":\"WebSite\",\"@id\":\"https:\/\/www.raimaberfluidtech.com\/industrial\/#website\",\"url\":\"https:\/\/www.raimaberfluidtech.com\/industrial\/\",\"name\":\"Raimaber Fluid Tech [Industrial]\",\"description\":\"Bombas industriales\",\"publisher\":{\"@id\":\"https:\/\/www.raimaberfluidtech.com\/industrial\/#organization\"},\"potentialAction\":[{\"@type\":\"SearchAction\",\"target\":{\"@type\":\"EntryPoint\",\"urlTemplate\":\"https:\/\/www.raimaberfluidtech.com\/industrial\/?s={search_term_string}\"},\"query-input\":{\"@type\":\"PropertyValueSpecification\",\"valueRequired\":true,\"valueName\":\"search_term_string\"}}],\"inLanguage\":\"es\"},{\"@type\":\"Organization\",\"@id\":\"https:\/\/www.raimaberfluidtech.com\/industrial\/#organization\",\"name\":\"Raimaber Fluid Tech [Industrial]\",\"url\":\"https:\/\/www.raimaberfluidtech.com\/industrial\/\",\"logo\":{\"@type\":\"ImageObject\",\"inLanguage\":\"es\",\"@id\":\"https:\/\/www.raimaberfluidtech.com\/industrial\/#\/schema\/logo\/image\/\",\"url\":\"https:\/\/www.raimaberfluidtech.com\/industrial\/wp-content\/blogs.dir\/4\/files\/2012\/11\/raimaber.gif\",\"contentUrl\":\"https:\/\/www.raimaberfluidtech.com\/industrial\/wp-content\/blogs.dir\/4\/files\/2012\/11\/raimaber.gif\",\"width\":\"705\",\"height\":\"438\",\"caption\":\"Raimaber Fluid Tech [Industrial]\"},\"image\":{\"@id\":\"https:\/\/www.raimaberfluidtech.com\/industrial\/#\/schema\/logo\/image\/\"}}]}<\/script>\n<!-- \/ Yoast SEO plugin. -->","yoast_head_json":{"title":"Bombas industriales - series TRA10 y TRA20 - Raimaber","description":"Consulta en nuestra web Raimaber las principales caracter\u00edsticas de las bombas de las series TRA10 y TRA20 de Wright Flow Technologies","robots":{"index":"index","follow":"follow","max-snippet":"max-snippet:-1","max-image-preview":"max-image-preview:large","max-video-preview":"max-video-preview:-1"},"canonical":"https:\/\/www.raimaberfluidtech.com\/industrial\/viking-hygienic\/bombas-series-tra10-tra20\/","og_locale":"es_ES","og_type":"article","og_title":"Bombas industriales - series TRA10 y TRA20 - Raimaber","og_description":"Consulta en nuestra web Raimaber las principales caracter\u00edsticas de las bombas de las series TRA10 y TRA20 de Wright Flow Technologies","og_url":"https:\/\/www.raimaberfluidtech.com\/industrial\/viking-hygienic\/bombas-series-tra10-tra20\/","og_site_name":"Raimaber Fluid Tech [Industrial]","article_modified_time":"2023-07-17T14:53:04+00:00","twitter_misc":{"Tiempo de lectura":"2 minutos"},"schema":{"@context":"https:\/\/schema.org","@graph":[{"@type":"WebPage","@id":"https:\/\/www.raimaberfluidtech.com\/industrial\/viking-hygienic\/bombas-series-tra10-tra20\/","url":"https:\/\/www.raimaberfluidtech.com\/industrial\/viking-hygienic\/bombas-series-tra10-tra20\/","name":"Bombas industriales - series TRA10 y TRA20 - Raimaber","isPartOf":{"@id":"https:\/\/www.raimaberfluidtech.com\/industrial\/#website"},"datePublished":"2012-12-11T12:36:14+00:00","dateModified":"2023-07-17T14:53:04+00:00","description":"Consulta en nuestra web Raimaber las principales caracter\u00edsticas de las bombas de las series TRA10 y TRA20 de Wright Flow Technologies","breadcrumb":{"@id":"https:\/\/www.raimaberfluidtech.com\/industrial\/viking-hygienic\/bombas-series-tra10-tra20\/#breadcrumb"},"inLanguage":"es","potentialAction":[{"@type":"ReadAction","target":["https:\/\/www.raimaberfluidtech.com\/industrial\/viking-hygienic\/bombas-series-tra10-tra20\/"]}]},{"@type":"BreadcrumbList","@id":"https:\/\/www.raimaberfluidtech.com\/industrial\/viking-hygienic\/bombas-series-tra10-tra20\/#breadcrumb","itemListElement":[{"@type":"ListItem","position":1,"name":"Home","item":"https:\/\/www.raimaberfluidtech.com\/industrial\/"},{"@type":"ListItem","position":2,"name":"Viking Hygienic","item":"https:\/\/www.raimaberfluidtech.com\/industrial\/viking-hygienic\/"},{"@type":"ListItem","position":3,"name":"Bombas Series TRA10 y TRA20"}]},{"@type":"WebSite","@id":"https:\/\/www.raimaberfluidtech.com\/industrial\/#website","url":"https:\/\/www.raimaberfluidtech.com\/industrial\/","name":"Raimaber Fluid Tech [Industrial]","description":"Bombas industriales","publisher":{"@id":"https:\/\/www.raimaberfluidtech.com\/industrial\/#organization"},"potentialAction":[{"@type":"SearchAction","target":{"@type":"EntryPoint","urlTemplate":"https:\/\/www.raimaberfluidtech.com\/industrial\/?s={search_term_string}"},"query-input":{"@type":"PropertyValueSpecification","valueRequired":true,"valueName":"search_term_string"}}],"inLanguage":"es"},{"@type":"Organization","@id":"https:\/\/www.raimaberfluidtech.com\/industrial\/#organization","name":"Raimaber Fluid Tech [Industrial]","url":"https:\/\/www.raimaberfluidtech.com\/industrial\/","logo":{"@type":"ImageObject","inLanguage":"es","@id":"https:\/\/www.raimaberfluidtech.com\/industrial\/#\/schema\/logo\/image\/","url":"https:\/\/www.raimaberfluidtech.com\/industrial\/wp-content\/blogs.dir\/4\/files\/2012\/11\/raimaber.gif","contentUrl":"https:\/\/www.raimaberfluidtech.com\/industrial\/wp-content\/blogs.dir\/4\/files\/2012\/11\/raimaber.gif","width":"705","height":"438","caption":"Raimaber Fluid Tech [Industrial]"},"image":{"@id":"https:\/\/www.raimaberfluidtech.com\/industrial\/#\/schema\/logo\/image\/"}}]}},"_links":{"self":[{"href":"https:\/\/www.raimaberfluidtech.com\/industrial\/wp-json\/wp\/v2\/pages\/457","targetHints":{"allow":["GET"]}}],"collection":[{"href":"https:\/\/www.raimaberfluidtech.com\/industrial\/wp-json\/wp\/v2\/pages"}],"about":[{"href":"https:\/\/www.raimaberfluidtech.com\/industrial\/wp-json\/wp\/v2\/types\/page"}],"author":[{"embeddable":true,"href":"https:\/\/www.raimaberfluidtech.com\/industrial\/wp-json\/wp\/v2\/users\/1"}],"replies":[{"embeddable":true,"href":"https:\/\/www.raimaberfluidtech.com\/industrial\/wp-json\/wp\/v2\/comments?post=457"}],"version-history":[{"count":27,"href":"https:\/\/www.raimaberfluidtech.com\/industrial\/wp-json\/wp\/v2\/pages\/457\/revisions"}],"predecessor-version":[{"id":7972,"href":"https:\/\/www.raimaberfluidtech.com\/industrial\/wp-json\/wp\/v2\/pages\/457\/revisions\/7972"}],"up":[{"embeddable":true,"href":"https:\/\/www.raimaberfluidtech.com\/industrial\/wp-json\/wp\/v2\/pages\/172"}],"wp:attachment":[{"href":"https:\/\/www.raimaberfluidtech.com\/industrial\/wp-json\/wp\/v2\/media?parent=457"}],"curies":[{"name":"wp","href":"https:\/\/api.w.org\/{rel}","templated":true}]}}