{"id":411,"date":"2012-12-11T11:57:46","date_gmt":"2012-12-11T11:57:46","guid":{"rendered":"http:\/\/www.raimaberfluidtech.com\/industrial\/?page_id=411"},"modified":"2025-02-11T14:55:54","modified_gmt":"2025-02-11T14:55:54","slug":"bombas-revolution-espana","status":"publish","type":"page","link":"https:\/\/www.raimaberfluidtech.com\/industrial\/viking-hygienic\/bombas-revolution-espana\/","title":{"rendered":"Bombas Revolution"},"content":{"rendered":"<div class=\"wpb-content-wrapper\"><p>[vc_row][vc_column width=\u00bb1\/2&#8243;][vc_media_grid element_width=\u00bb6&#8243; gap=\u00bb4&#8243; grid_id=\u00bbvc_gid:1739285596732-60988348-6db2-1&#8243; include=\u00bb5746,5747,5748,5749,4870,4871,4872,4873,4874,4875,4876,4877&#8243;][\/vc_column][vc_column width=\u00bb1\/2&#8243;][vc_custom_heading text=\u00bbBombas Revolution\u00bb font_container=\u00bbtag:h2|font_size:18px|text_align:left|color:%23000000&#8243; use_theme_fonts=\u00bbyes\u00bb][vc_column_text]<\/p>\n<p style=\"text-align: justify;\">Las principales caracter\u00edsticas de las <strong>bombas Revolution<\/strong> de <span style=\"line-height: 1.5;\"><a href=\"https:\/\/www.raimaberfluidtech.com\/industrial\/viking-hygienic\">Viking Hygienic<\/a><\/span><a href=\"https:\/\/www.raimaberfluidtech.com\/industrial\/wright-flow-technologies\">.<\/a>:<\/p>\n<ul style=\"text-align: justify;\">\n<li>Dos bombas en una.<\/li>\n<li>Inspecci\u00f3n frontal del cierre, tanto el el concepto tri-lobular como pist\u00f3n rotativo, eliminando cierres externos.<\/li>\n<li>Podemos reducir el tiempo de limpieza a la mitad. Podemos garantizar la limpieza CIP a baja presi\u00f3n. Tambi\u00e9n puede montarse en limpiezas SIP.<\/li>\n<li>Mayor di\u00e1metro de los ejes, aumentando en un 50 % la vida de la bomba.<\/li>\n<li>Mantenimiento de las holguras de los l\u00f3bulos\/rotores, desde la parte externa, reduciendo enormemente el tiempo de mantenimiento y aumentando la vida de los elementos en la caja de engranajes.<\/li>\n<li>Se ha modificado la forma de los rotores (pist\u00f3n rotativo), reduciendo el % de rotura de s\u00f3lidos delicados o sensibles a la cizalla.<\/li>\n<li>Las dos series, tienen hasta 35 modelos donde elegir, por caudal o presi\u00f3n.<\/li>\n<li>Caudales de hasta 190 m3\/h.<\/li>\n<li>De hasta 31 bar (opcional m\u00e1s presi\u00f3n, seg\u00fan petici\u00f3n a f\u00e1brica).<\/li>\n<li>Podemos montar en algunas cajas de engranajes y cuerpo, l\u00f3bulos tipo \u201ctri-lobulares\u201d o rotores tipo \u201cpist\u00f3n rotativo\u201d , utilizando el mismo cierre.<\/li>\n<li>Podemos montar cierre mec\u00e1nico sencillo o doble.Para el doble cierre mec\u00e1nico, no es necesario modificaci\u00f3n de la cajera del cierre, simplemente montamos las piezas necesarias para transformar el cierre mec\u00e1nico sencillo a doble con irrigaci\u00f3n. La irrigaci\u00f3n del cierre puede ser de baja presi\u00f3n o alta presi\u00f3n, seg\u00fan la aplicaci\u00f3n o exigencias del cliente.<\/li>\n<li>La caja de engranajes viene de f\u00e1brica ba\u00f1ada en grasa, reduciendo el n\u00famero de horas en mantenimiento y paradas. Opcional lubricaci\u00f3n con aceite.<\/li>\n<li>Bomba auto-drenable, si se monta en posici\u00f3n vertical.<\/li>\n<li>Engranajes de sincronizaci\u00f3n helicoidales.<\/li>\n<\/ul>\n<p>[\/vc_column_text][vc_empty_space][vc_btn title=\u00bbSOLICITUD DE INFORMACI\u00d3N T\u00c9CNICA\u00bb link=\u00bburl:https%3A%2F%2Fwww.raimaberfluidtech.com\/industrial%2Fsolicitud-informacion-tecnica%2F|title:Solicitud%20informaci%C3%B3n%20t%C3%A9cnica||\u00bb][\/vc_column][\/vc_row]<\/p>\n<\/div>","protected":false},"excerpt":{"rendered":"<p>[vc_row][vc_column width=\u00bb1\/2&#8243;][vc_media_grid element_width=\u00bb6&#8243; gap=\u00bb4&#8243; grid_id=\u00bbvc_gid:1739285596732-60988348-6db2-1&#8243; include=\u00bb5746,5747,5748,5749,4870,4871,4872,4873,4874,4875,4876,4877&#8243;][\/vc_column][vc_column width=\u00bb1\/2&#8243;][vc_custom_heading text=\u00bbBombas Revolution\u00bb font_container=\u00bbtag:h2|font_size:18px|text_align:left|color:%23000000&#8243; use_theme_fonts=\u00bbyes\u00bb][vc_column_text] Las principales caracter\u00edsticas de las bombas Revolution de Viking Hygienic.: Dos bombas en una. Inspecci\u00f3n frontal del cierre, tanto el el concepto tri-lobular como pist\u00f3n rotativo, eliminando cierres externos&#8230;.<\/p>\n","protected":false},"author":1,"featured_media":0,"parent":172,"menu_order":1,"comment_status":"closed","ping_status":"closed","template":"page-sidebar.php","meta":{"footnotes":""},"class_list":["post-411","page","type-page","status-publish","hentry"],"yoast_head":"<!-- This site is optimized with the Yoast SEO plugin v24.3 - https:\/\/yoast.com\/wordpress\/plugins\/seo\/ -->\n<title>Bombas Revolution Espa\u00f1a - Raimaber<\/title>\n<meta name=\"description\" content=\"Consulta las caracter\u00edsticas de las bombas revolution Wright Flow Technologies en nuestra web Raimaber. Somos distribuidores de Bombas Revolution Espa\u00f1a.\" \/>\n<meta name=\"robots\" content=\"index, follow, max-snippet:-1, max-image-preview:large, max-video-preview:-1\" \/>\n<link rel=\"canonical\" href=\"https:\/\/www.raimaberfluidtech.com\/industrial\/viking-hygienic\/bombas-revolution-espana\/\" \/>\n<meta property=\"og:locale\" content=\"es_ES\" \/>\n<meta property=\"og:type\" content=\"article\" \/>\n<meta property=\"og:title\" content=\"Bombas Revolution Espa\u00f1a - Raimaber\" \/>\n<meta property=\"og:description\" content=\"Consulta las caracter\u00edsticas de las bombas revolution Wright Flow Technologies en nuestra web Raimaber. Somos distribuidores de Bombas Revolution Espa\u00f1a.\" \/>\n<meta property=\"og:url\" content=\"https:\/\/www.raimaberfluidtech.com\/industrial\/viking-hygienic\/bombas-revolution-espana\/\" \/>\n<meta property=\"og:site_name\" content=\"Raimaber Fluid Tech [Industrial]\" \/>\n<meta property=\"article:modified_time\" content=\"2025-02-11T14:55:54+00:00\" \/>\n<meta name=\"twitter:label1\" content=\"Tiempo de lectura\" \/>\n\t<meta name=\"twitter:data1\" content=\"2 minutos\" \/>\n<script type=\"application\/ld+json\" class=\"yoast-schema-graph\">{\"@context\":\"https:\/\/schema.org\",\"@graph\":[{\"@type\":\"WebPage\",\"@id\":\"https:\/\/www.raimaberfluidtech.com\/industrial\/viking-hygienic\/bombas-revolution-espana\/\",\"url\":\"https:\/\/www.raimaberfluidtech.com\/industrial\/viking-hygienic\/bombas-revolution-espana\/\",\"name\":\"Bombas Revolution Espa\u00f1a - Raimaber\",\"isPartOf\":{\"@id\":\"https:\/\/www.raimaberfluidtech.com\/industrial\/#website\"},\"datePublished\":\"2012-12-11T11:57:46+00:00\",\"dateModified\":\"2025-02-11T14:55:54+00:00\",\"description\":\"Consulta las caracter\u00edsticas de las bombas revolution Wright Flow Technologies en nuestra web Raimaber. Somos distribuidores de Bombas Revolution Espa\u00f1a.\",\"breadcrumb\":{\"@id\":\"https:\/\/www.raimaberfluidtech.com\/industrial\/viking-hygienic\/bombas-revolution-espana\/#breadcrumb\"},\"inLanguage\":\"es\",\"potentialAction\":[{\"@type\":\"ReadAction\",\"target\":[\"https:\/\/www.raimaberfluidtech.com\/industrial\/viking-hygienic\/bombas-revolution-espana\/\"]}]},{\"@type\":\"BreadcrumbList\",\"@id\":\"https:\/\/www.raimaberfluidtech.com\/industrial\/viking-hygienic\/bombas-revolution-espana\/#breadcrumb\",\"itemListElement\":[{\"@type\":\"ListItem\",\"position\":1,\"name\":\"Home\",\"item\":\"https:\/\/www.raimaberfluidtech.com\/industrial\/\"},{\"@type\":\"ListItem\",\"position\":2,\"name\":\"Viking Hygienic\",\"item\":\"https:\/\/www.raimaberfluidtech.com\/industrial\/viking-hygienic\/\"},{\"@type\":\"ListItem\",\"position\":3,\"name\":\"Bombas Revolution\"}]},{\"@type\":\"WebSite\",\"@id\":\"https:\/\/www.raimaberfluidtech.com\/industrial\/#website\",\"url\":\"https:\/\/www.raimaberfluidtech.com\/industrial\/\",\"name\":\"Raimaber Fluid Tech [Industrial]\",\"description\":\"Bombas industriales\",\"publisher\":{\"@id\":\"https:\/\/www.raimaberfluidtech.com\/industrial\/#organization\"},\"potentialAction\":[{\"@type\":\"SearchAction\",\"target\":{\"@type\":\"EntryPoint\",\"urlTemplate\":\"https:\/\/www.raimaberfluidtech.com\/industrial\/?s={search_term_string}\"},\"query-input\":{\"@type\":\"PropertyValueSpecification\",\"valueRequired\":true,\"valueName\":\"search_term_string\"}}],\"inLanguage\":\"es\"},{\"@type\":\"Organization\",\"@id\":\"https:\/\/www.raimaberfluidtech.com\/industrial\/#organization\",\"name\":\"Raimaber Fluid Tech [Industrial]\",\"url\":\"https:\/\/www.raimaberfluidtech.com\/industrial\/\",\"logo\":{\"@type\":\"ImageObject\",\"inLanguage\":\"es\",\"@id\":\"https:\/\/www.raimaberfluidtech.com\/industrial\/#\/schema\/logo\/image\/\",\"url\":\"https:\/\/www.raimaberfluidtech.com\/industrial\/wp-content\/blogs.dir\/4\/files\/2012\/11\/raimaber.gif\",\"contentUrl\":\"https:\/\/www.raimaberfluidtech.com\/industrial\/wp-content\/blogs.dir\/4\/files\/2012\/11\/raimaber.gif\",\"width\":\"705\",\"height\":\"438\",\"caption\":\"Raimaber Fluid Tech [Industrial]\"},\"image\":{\"@id\":\"https:\/\/www.raimaberfluidtech.com\/industrial\/#\/schema\/logo\/image\/\"}}]}<\/script>\n<!-- \/ Yoast SEO plugin. -->","yoast_head_json":{"title":"Bombas Revolution Espa\u00f1a - Raimaber","description":"Consulta las caracter\u00edsticas de las bombas revolution Wright Flow Technologies en nuestra web Raimaber. Somos distribuidores de Bombas Revolution Espa\u00f1a.","robots":{"index":"index","follow":"follow","max-snippet":"max-snippet:-1","max-image-preview":"max-image-preview:large","max-video-preview":"max-video-preview:-1"},"canonical":"https:\/\/www.raimaberfluidtech.com\/industrial\/viking-hygienic\/bombas-revolution-espana\/","og_locale":"es_ES","og_type":"article","og_title":"Bombas Revolution Espa\u00f1a - Raimaber","og_description":"Consulta las caracter\u00edsticas de las bombas revolution Wright Flow Technologies en nuestra web Raimaber. Somos distribuidores de Bombas Revolution Espa\u00f1a.","og_url":"https:\/\/www.raimaberfluidtech.com\/industrial\/viking-hygienic\/bombas-revolution-espana\/","og_site_name":"Raimaber Fluid Tech [Industrial]","article_modified_time":"2025-02-11T14:55:54+00:00","twitter_misc":{"Tiempo de lectura":"2 minutos"},"schema":{"@context":"https:\/\/schema.org","@graph":[{"@type":"WebPage","@id":"https:\/\/www.raimaberfluidtech.com\/industrial\/viking-hygienic\/bombas-revolution-espana\/","url":"https:\/\/www.raimaberfluidtech.com\/industrial\/viking-hygienic\/bombas-revolution-espana\/","name":"Bombas Revolution Espa\u00f1a - Raimaber","isPartOf":{"@id":"https:\/\/www.raimaberfluidtech.com\/industrial\/#website"},"datePublished":"2012-12-11T11:57:46+00:00","dateModified":"2025-02-11T14:55:54+00:00","description":"Consulta las caracter\u00edsticas de las bombas revolution Wright Flow Technologies en nuestra web Raimaber. Somos distribuidores de Bombas Revolution Espa\u00f1a.","breadcrumb":{"@id":"https:\/\/www.raimaberfluidtech.com\/industrial\/viking-hygienic\/bombas-revolution-espana\/#breadcrumb"},"inLanguage":"es","potentialAction":[{"@type":"ReadAction","target":["https:\/\/www.raimaberfluidtech.com\/industrial\/viking-hygienic\/bombas-revolution-espana\/"]}]},{"@type":"BreadcrumbList","@id":"https:\/\/www.raimaberfluidtech.com\/industrial\/viking-hygienic\/bombas-revolution-espana\/#breadcrumb","itemListElement":[{"@type":"ListItem","position":1,"name":"Home","item":"https:\/\/www.raimaberfluidtech.com\/industrial\/"},{"@type":"ListItem","position":2,"name":"Viking Hygienic","item":"https:\/\/www.raimaberfluidtech.com\/industrial\/viking-hygienic\/"},{"@type":"ListItem","position":3,"name":"Bombas Revolution"}]},{"@type":"WebSite","@id":"https:\/\/www.raimaberfluidtech.com\/industrial\/#website","url":"https:\/\/www.raimaberfluidtech.com\/industrial\/","name":"Raimaber Fluid Tech [Industrial]","description":"Bombas industriales","publisher":{"@id":"https:\/\/www.raimaberfluidtech.com\/industrial\/#organization"},"potentialAction":[{"@type":"SearchAction","target":{"@type":"EntryPoint","urlTemplate":"https:\/\/www.raimaberfluidtech.com\/industrial\/?s={search_term_string}"},"query-input":{"@type":"PropertyValueSpecification","valueRequired":true,"valueName":"search_term_string"}}],"inLanguage":"es"},{"@type":"Organization","@id":"https:\/\/www.raimaberfluidtech.com\/industrial\/#organization","name":"Raimaber Fluid Tech [Industrial]","url":"https:\/\/www.raimaberfluidtech.com\/industrial\/","logo":{"@type":"ImageObject","inLanguage":"es","@id":"https:\/\/www.raimaberfluidtech.com\/industrial\/#\/schema\/logo\/image\/","url":"https:\/\/www.raimaberfluidtech.com\/industrial\/wp-content\/blogs.dir\/4\/files\/2012\/11\/raimaber.gif","contentUrl":"https:\/\/www.raimaberfluidtech.com\/industrial\/wp-content\/blogs.dir\/4\/files\/2012\/11\/raimaber.gif","width":"705","height":"438","caption":"Raimaber Fluid Tech [Industrial]"},"image":{"@id":"https:\/\/www.raimaberfluidtech.com\/industrial\/#\/schema\/logo\/image\/"}}]}},"_links":{"self":[{"href":"https:\/\/www.raimaberfluidtech.com\/industrial\/wp-json\/wp\/v2\/pages\/411","targetHints":{"allow":["GET"]}}],"collection":[{"href":"https:\/\/www.raimaberfluidtech.com\/industrial\/wp-json\/wp\/v2\/pages"}],"about":[{"href":"https:\/\/www.raimaberfluidtech.com\/industrial\/wp-json\/wp\/v2\/types\/page"}],"author":[{"embeddable":true,"href":"https:\/\/www.raimaberfluidtech.com\/industrial\/wp-json\/wp\/v2\/users\/1"}],"replies":[{"embeddable":true,"href":"https:\/\/www.raimaberfluidtech.com\/industrial\/wp-json\/wp\/v2\/comments?post=411"}],"version-history":[{"count":31,"href":"https:\/\/www.raimaberfluidtech.com\/industrial\/wp-json\/wp\/v2\/pages\/411\/revisions"}],"predecessor-version":[{"id":14085,"href":"https:\/\/www.raimaberfluidtech.com\/industrial\/wp-json\/wp\/v2\/pages\/411\/revisions\/14085"}],"up":[{"embeddable":true,"href":"https:\/\/www.raimaberfluidtech.com\/industrial\/wp-json\/wp\/v2\/pages\/172"}],"wp:attachment":[{"href":"https:\/\/www.raimaberfluidtech.com\/industrial\/wp-json\/wp\/v2\/media?parent=411"}],"curies":[{"name":"wp","href":"https:\/\/api.w.org\/{rel}","templated":true}]}}