{"id":3137,"date":"2016-06-06T14:21:40","date_gmt":"2016-06-06T14:21:40","guid":{"rendered":"http:\/\/www.raimaberfluidtech.com\/industrial\/?page_id=3137"},"modified":"2022-11-17T14:36:05","modified_gmt":"2022-11-17T14:36:05","slug":"agitadores-industriales-ytron","status":"publish","type":"page","link":"https:\/\/www.raimaberfluidtech.com\/industrial\/ytron\/agitadores-industriales-ytron\/","title":{"rendered":"Agitadores Industriales"},"content":{"rendered":"<div class=\"wpb-content-wrapper\"><p>[vc_row][vc_column width=\u00bb1\/2&#8243;][vc_media_grid element_width=\u00bb6&#8243; gap=\u00bb4&#8243; grid_id=\u00bbvc_gid:1668695745303-91d33947-1c06-2&#8243; include=\u00bb1111,1286,1287,1288&#8243;][\/vc_column][vc_column width=\u00bb1\/2&#8243;][vc_custom_heading text=\u00bbAgitadores Industriales\u00bb font_container=\u00bbtag:h2|font_size:18px|text_align:left|color:%23000000&#8243; use_theme_fonts=\u00bbyes\u00bb][vc_column_text]El <strong>agitador industrial<\/strong> <strong>serie Y<\/strong> de <a href=\"http:\/\/www.raimaberfluidtech.com\/industrial\/ytron\">Ytron<\/a>, es un agitador por chorro directo tipo JET, cuyas principales caracter\u00edsticas son: <strong>dise\u00f1o exclusivo, sin cierre mec\u00e1nico<\/strong>.<\/p>\n<ul>\n<li>Dise\u00f1o para aplicaciones sanitarias o productos dif\u00edciles de limpiar.<\/li>\n<li>Podemos sustituir el tradicional agitador central de aspas\/palas.<\/li>\n<li>Reducimos los tiempos de paro o mantenimiento.<\/li>\n<li>Alta eficiencia.<\/li>\n<li>Posibilidad de montaje con variador de frecuencia.<\/li>\n<li>Viscosidades de hasta 5000 \u00f3 10000 cps, seg\u00fan la composici\u00f3n del producto.<\/li>\n<li>Opcional conexi\u00f3n CIP exterior.<\/li>\n<li>Montaje lateral, en cualquier tanque.<\/li>\n<\/ul>\n<p>Opcional con una tolva de incorporaci\u00f3n de s\u00f3lidos, serie <strong>tipo Y-Bypass<\/strong>. Para aplicaciones en que los polvos sin tendencia a pegarse tales como S\u00edlice, Carb\u00f3n Activo, HPMC, Coco, Harina, etc. pueden llegar a formar grumos y se pueden dispensar mediante un sistema rotor-estator. Los productos de alta viscosidad y aquellos que son dif\u00edciles de disolver pueden ser inyectados directamente en la derivaci\u00f3n <strong>Ytron-Y<\/strong> sin la formaci\u00f3n de grumos. De esta manera se consigue una disoluci\u00f3n o suspensi\u00f3n instant\u00e1nea. El chorro directo dirigido mezcla homog\u00e9neamente el producto en el volumen total del lote. Se puede incorporar manualmente el polvo en la tolva o tambi\u00e9n mediante silo o \u201cbig-bag\u201d, ya que se abre la v\u00e1lvula y la presi\u00f3n negativa generada en la entrada del <strong>Ytron-Y<\/strong> empuja el polvo hacia abajo, dispers\u00e1ndolo instant\u00e1neamente y homog\u00e9neamente en el l\u00edquido. Una vez todo el polvo ha entrado, se cierra la v\u00e1lvula para evitar la entrada de aire o de reflujo de l\u00edquido. En algunos casos, cuando el s\u00f3lido es de baja densidad pueden ser succionados directamente desde una bolsa u otro contenedor sin generar polvo. En estos casos, se requiere dar paso a una cierta cantidad de aire para asegurar la fluidificaci\u00f3n del producto en polvo<\/p>\n<p>Opcional el <strong>dise\u00f1o Y-HS<\/strong> (high shear). En este caso en el agitador Y-HS los s\u00f3lidos son cizallados de una forma definitiva en el tanque. El efecto es similar a una unidad de alta trituraci\u00f3n pero con las ventajas de chorro directo del Ytron-Y.[\/vc_column_text][vc_empty_space][vc_btn title=\u00bbSOLICITUD DE INFORMACI\u00d3N T\u00c9CNICA\u00bb link=\u00bburl:https%3A%2F%2Fwww.raimaberfluidtech.com\/industrial%2Fsolicitud-informacion-tecnica%2F|title:Solicitud%20informaci%C3%B3n%20t%C3%A9cnica||\u00bb][\/vc_column][\/vc_row]<\/p>\n<\/div>","protected":false},"excerpt":{"rendered":"<p>[vc_row][vc_column width=\u00bb1\/2&#8243;][vc_media_grid element_width=\u00bb6&#8243; gap=\u00bb4&#8243; grid_id=\u00bbvc_gid:1668695745303-91d33947-1c06-2&#8243; include=\u00bb1111,1286,1287,1288&#8243;][\/vc_column][vc_column width=\u00bb1\/2&#8243;][vc_custom_heading text=\u00bbAgitadores Industriales\u00bb font_container=\u00bbtag:h2|font_size:18px|text_align:left|color:%23000000&#8243; use_theme_fonts=\u00bbyes\u00bb][vc_column_text]El agitador industrial serie Y de Ytron, es un agitador por chorro directo tipo JET, cuyas principales caracter\u00edsticas son: dise\u00f1o exclusivo, sin cierre mec\u00e1nico. Dise\u00f1o para aplicaciones sanitarias o productos&#8230;<\/p>\n","protected":false},"author":1,"featured_media":0,"parent":1082,"menu_order":3,"comment_status":"closed","ping_status":"closed","template":"page-sidebar.php","meta":{"footnotes":""},"class_list":["post-3137","page","type-page","status-publish","hentry"],"yoast_head":"<!-- This site is optimized with the Yoast SEO plugin v24.3 - https:\/\/yoast.com\/wordpress\/plugins\/seo\/ -->\n<title>Agitadores industriales serie Y de YTRON - Raimaber<\/title>\n<meta name=\"description\" content=\"Raimaber es especialista en la distribuci\u00f3n de la marca industrial Ytron en Espa\u00f1a. Entre sus productos destacan los Agitadores industriales serie Y.\" \/>\n<meta name=\"robots\" content=\"index, follow, max-snippet:-1, max-image-preview:large, max-video-preview:-1\" \/>\n<link rel=\"canonical\" href=\"https:\/\/www.raimaberfluidtech.com\/industrial\/ytron\/agitadores-industriales-ytron\/\" \/>\n<meta property=\"og:locale\" content=\"es_ES\" \/>\n<meta property=\"og:type\" content=\"article\" \/>\n<meta property=\"og:title\" content=\"Agitadores industriales serie Y de YTRON - Raimaber\" \/>\n<meta property=\"og:description\" content=\"Raimaber es especialista en la distribuci\u00f3n de la marca industrial Ytron en Espa\u00f1a. Entre sus productos destacan los Agitadores industriales serie Y.\" \/>\n<meta property=\"og:url\" content=\"https:\/\/www.raimaberfluidtech.com\/industrial\/ytron\/agitadores-industriales-ytron\/\" \/>\n<meta property=\"og:site_name\" content=\"Raimaber Fluid Tech [Industrial]\" \/>\n<meta property=\"article:modified_time\" content=\"2022-11-17T14:36:05+00:00\" \/>\n<meta name=\"twitter:label1\" content=\"Tiempo de lectura\" \/>\n\t<meta name=\"twitter:data1\" content=\"2 minutos\" \/>\n<script type=\"application\/ld+json\" class=\"yoast-schema-graph\">{\"@context\":\"https:\/\/schema.org\",\"@graph\":[{\"@type\":\"WebPage\",\"@id\":\"https:\/\/www.raimaberfluidtech.com\/industrial\/ytron\/agitadores-industriales-ytron\/\",\"url\":\"https:\/\/www.raimaberfluidtech.com\/industrial\/ytron\/agitadores-industriales-ytron\/\",\"name\":\"Agitadores industriales serie Y de YTRON - Raimaber\",\"isPartOf\":{\"@id\":\"https:\/\/www.raimaberfluidtech.com\/industrial\/#website\"},\"datePublished\":\"2016-06-06T14:21:40+00:00\",\"dateModified\":\"2022-11-17T14:36:05+00:00\",\"description\":\"Raimaber es especialista en la distribuci\u00f3n de la marca industrial Ytron en Espa\u00f1a. Entre sus productos destacan los Agitadores industriales serie Y.\",\"breadcrumb\":{\"@id\":\"https:\/\/www.raimaberfluidtech.com\/industrial\/ytron\/agitadores-industriales-ytron\/#breadcrumb\"},\"inLanguage\":\"es\",\"potentialAction\":[{\"@type\":\"ReadAction\",\"target\":[\"https:\/\/www.raimaberfluidtech.com\/industrial\/ytron\/agitadores-industriales-ytron\/\"]}]},{\"@type\":\"BreadcrumbList\",\"@id\":\"https:\/\/www.raimaberfluidtech.com\/industrial\/ytron\/agitadores-industriales-ytron\/#breadcrumb\",\"itemListElement\":[{\"@type\":\"ListItem\",\"position\":1,\"name\":\"Home\",\"item\":\"https:\/\/www.raimaberfluidtech.com\/industrial\/\"},{\"@type\":\"ListItem\",\"position\":2,\"name\":\"Ytron\",\"item\":\"https:\/\/www.raimaberfluidtech.com\/industrial\/ytron\/\"},{\"@type\":\"ListItem\",\"position\":3,\"name\":\"Agitadores Industriales\"}]},{\"@type\":\"WebSite\",\"@id\":\"https:\/\/www.raimaberfluidtech.com\/industrial\/#website\",\"url\":\"https:\/\/www.raimaberfluidtech.com\/industrial\/\",\"name\":\"Raimaber Fluid Tech [Industrial]\",\"description\":\"Bombas industriales\",\"publisher\":{\"@id\":\"https:\/\/www.raimaberfluidtech.com\/industrial\/#organization\"},\"potentialAction\":[{\"@type\":\"SearchAction\",\"target\":{\"@type\":\"EntryPoint\",\"urlTemplate\":\"https:\/\/www.raimaberfluidtech.com\/industrial\/?s={search_term_string}\"},\"query-input\":{\"@type\":\"PropertyValueSpecification\",\"valueRequired\":true,\"valueName\":\"search_term_string\"}}],\"inLanguage\":\"es\"},{\"@type\":\"Organization\",\"@id\":\"https:\/\/www.raimaberfluidtech.com\/industrial\/#organization\",\"name\":\"Raimaber Fluid Tech [Industrial]\",\"url\":\"https:\/\/www.raimaberfluidtech.com\/industrial\/\",\"logo\":{\"@type\":\"ImageObject\",\"inLanguage\":\"es\",\"@id\":\"https:\/\/www.raimaberfluidtech.com\/industrial\/#\/schema\/logo\/image\/\",\"url\":\"https:\/\/www.raimaberfluidtech.com\/industrial\/wp-content\/blogs.dir\/4\/files\/2012\/11\/raimaber.gif\",\"contentUrl\":\"https:\/\/www.raimaberfluidtech.com\/industrial\/wp-content\/blogs.dir\/4\/files\/2012\/11\/raimaber.gif\",\"width\":\"705\",\"height\":\"438\",\"caption\":\"Raimaber Fluid Tech [Industrial]\"},\"image\":{\"@id\":\"https:\/\/www.raimaberfluidtech.com\/industrial\/#\/schema\/logo\/image\/\"}}]}<\/script>\n<!-- \/ Yoast SEO plugin. -->","yoast_head_json":{"title":"Agitadores industriales serie Y de YTRON - Raimaber","description":"Raimaber es especialista en la distribuci\u00f3n de la marca industrial Ytron en Espa\u00f1a. Entre sus productos destacan los Agitadores industriales serie Y.","robots":{"index":"index","follow":"follow","max-snippet":"max-snippet:-1","max-image-preview":"max-image-preview:large","max-video-preview":"max-video-preview:-1"},"canonical":"https:\/\/www.raimaberfluidtech.com\/industrial\/ytron\/agitadores-industriales-ytron\/","og_locale":"es_ES","og_type":"article","og_title":"Agitadores industriales serie Y de YTRON - Raimaber","og_description":"Raimaber es especialista en la distribuci\u00f3n de la marca industrial Ytron en Espa\u00f1a. Entre sus productos destacan los Agitadores industriales serie Y.","og_url":"https:\/\/www.raimaberfluidtech.com\/industrial\/ytron\/agitadores-industriales-ytron\/","og_site_name":"Raimaber Fluid Tech [Industrial]","article_modified_time":"2022-11-17T14:36:05+00:00","twitter_misc":{"Tiempo de lectura":"2 minutos"},"schema":{"@context":"https:\/\/schema.org","@graph":[{"@type":"WebPage","@id":"https:\/\/www.raimaberfluidtech.com\/industrial\/ytron\/agitadores-industriales-ytron\/","url":"https:\/\/www.raimaberfluidtech.com\/industrial\/ytron\/agitadores-industriales-ytron\/","name":"Agitadores industriales serie Y de YTRON - Raimaber","isPartOf":{"@id":"https:\/\/www.raimaberfluidtech.com\/industrial\/#website"},"datePublished":"2016-06-06T14:21:40+00:00","dateModified":"2022-11-17T14:36:05+00:00","description":"Raimaber es especialista en la distribuci\u00f3n de la marca industrial Ytron en Espa\u00f1a. Entre sus productos destacan los Agitadores industriales serie Y.","breadcrumb":{"@id":"https:\/\/www.raimaberfluidtech.com\/industrial\/ytron\/agitadores-industriales-ytron\/#breadcrumb"},"inLanguage":"es","potentialAction":[{"@type":"ReadAction","target":["https:\/\/www.raimaberfluidtech.com\/industrial\/ytron\/agitadores-industriales-ytron\/"]}]},{"@type":"BreadcrumbList","@id":"https:\/\/www.raimaberfluidtech.com\/industrial\/ytron\/agitadores-industriales-ytron\/#breadcrumb","itemListElement":[{"@type":"ListItem","position":1,"name":"Home","item":"https:\/\/www.raimaberfluidtech.com\/industrial\/"},{"@type":"ListItem","position":2,"name":"Ytron","item":"https:\/\/www.raimaberfluidtech.com\/industrial\/ytron\/"},{"@type":"ListItem","position":3,"name":"Agitadores Industriales"}]},{"@type":"WebSite","@id":"https:\/\/www.raimaberfluidtech.com\/industrial\/#website","url":"https:\/\/www.raimaberfluidtech.com\/industrial\/","name":"Raimaber Fluid Tech [Industrial]","description":"Bombas industriales","publisher":{"@id":"https:\/\/www.raimaberfluidtech.com\/industrial\/#organization"},"potentialAction":[{"@type":"SearchAction","target":{"@type":"EntryPoint","urlTemplate":"https:\/\/www.raimaberfluidtech.com\/industrial\/?s={search_term_string}"},"query-input":{"@type":"PropertyValueSpecification","valueRequired":true,"valueName":"search_term_string"}}],"inLanguage":"es"},{"@type":"Organization","@id":"https:\/\/www.raimaberfluidtech.com\/industrial\/#organization","name":"Raimaber Fluid Tech [Industrial]","url":"https:\/\/www.raimaberfluidtech.com\/industrial\/","logo":{"@type":"ImageObject","inLanguage":"es","@id":"https:\/\/www.raimaberfluidtech.com\/industrial\/#\/schema\/logo\/image\/","url":"https:\/\/www.raimaberfluidtech.com\/industrial\/wp-content\/blogs.dir\/4\/files\/2012\/11\/raimaber.gif","contentUrl":"https:\/\/www.raimaberfluidtech.com\/industrial\/wp-content\/blogs.dir\/4\/files\/2012\/11\/raimaber.gif","width":"705","height":"438","caption":"Raimaber Fluid Tech [Industrial]"},"image":{"@id":"https:\/\/www.raimaberfluidtech.com\/industrial\/#\/schema\/logo\/image\/"}}]}},"_links":{"self":[{"href":"https:\/\/www.raimaberfluidtech.com\/industrial\/wp-json\/wp\/v2\/pages\/3137","targetHints":{"allow":["GET"]}}],"collection":[{"href":"https:\/\/www.raimaberfluidtech.com\/industrial\/wp-json\/wp\/v2\/pages"}],"about":[{"href":"https:\/\/www.raimaberfluidtech.com\/industrial\/wp-json\/wp\/v2\/types\/page"}],"author":[{"embeddable":true,"href":"https:\/\/www.raimaberfluidtech.com\/industrial\/wp-json\/wp\/v2\/users\/1"}],"replies":[{"embeddable":true,"href":"https:\/\/www.raimaberfluidtech.com\/industrial\/wp-json\/wp\/v2\/comments?post=3137"}],"version-history":[{"count":30,"href":"https:\/\/www.raimaberfluidtech.com\/industrial\/wp-json\/wp\/v2\/pages\/3137\/revisions"}],"predecessor-version":[{"id":7809,"href":"https:\/\/www.raimaberfluidtech.com\/industrial\/wp-json\/wp\/v2\/pages\/3137\/revisions\/7809"}],"up":[{"embeddable":true,"href":"https:\/\/www.raimaberfluidtech.com\/industrial\/wp-json\/wp\/v2\/pages\/1082"}],"wp:attachment":[{"href":"https:\/\/www.raimaberfluidtech.com\/industrial\/wp-json\/wp\/v2\/media?parent=3137"}],"curies":[{"name":"wp","href":"https:\/\/api.w.org\/{rel}","templated":true}]}}